{"id":8332,"date":"2021-09-10T17:53:34","date_gmt":"2021-09-10T17:53:34","guid":{"rendered":"https:\/\/ferrodex.com\/luisferrodexart\/?post_type=product&#038;p=8332"},"modified":"2021-09-10T18:06:05","modified_gmt":"2021-09-10T18:06:05","slug":"sueno-infantil","status":"publish","type":"product","link":"https:\/\/ferrodex.com\/luisferrodexart\/producto\/sueno-infantil\/","title":{"rendered":"SUE\u00d1O INFANTIL"},"content":{"rendered":"<p>[:es]<\/p>\n<div class=\"kvgmc6g5 cxmmr5t8 oygrvhab hcukyx3x c1et5uql ii04i59q\">\n<div dir=\"auto\">\n<div class=\"\" data-block=\"true\" data-editor=\"401l1\" data-offset-key=\"37s6q-0-0\">\n<div class=\"_1mf _1mj\" data-offset-key=\"37s6q-0-0\">\n<div class=\"kvgmc6g5 cxmmr5t8 oygrvhab hcukyx3x c1et5uql ii04i59q\">\n<div dir=\"auto\">Viajar. Viajar en bici. Moverse sin avanzar. Jugar y jugar. Sentimientos puros en la mente de un ni\u00f1o. So\u00f1ar mil y un cuentos que esperamos se hagan realidad. Los personajes desfilan como gotas de fina lluvia. Primavera siempre.<\/div>\n<\/div>\n<\/div>\n<\/div>\n<\/div>\n<\/div>\n<div class=\"o9v6fnle cxmmr5t8 oygrvhab hcukyx3x c1et5uql ii04i59q\">\n<div dir=\"auto\">&nbsp;<\/div>\n<\/div>\n<p>[:en]<b><\/b>Odiseo O Ulises, h\u00e9roe legendario que aparece por primera vez en la Il\u00edada y es el personaje principal de la Odisea, historias atribuidas a Homero. Inventor del Caballo de Troya para tomar dicha ciudad. La juventud y la valent\u00eda al poder. Nunca temi\u00f3 la muerte. La muerte como su hermana mayor, aliada y siempre fiel. Respeto mutuo. H\u00e9roe de todos los tiempos.[:]<\/p>\n","protected":false},"excerpt":{"rendered":"<p>[:es]<\/p>\n<div class=\"\" data-block=\"true\" data-editor=\"401l1\" data-offset-key=\"f7quk-0-0\">\n<div class=\"_1mf _1mj\" data-offset-key=\"f7quk-0-0\">\n<div dir=\"auto\">M\u00e1s de 700 objetos infantiles sobre bicicleta est\u00e1tica.<\/div>\n<div dir=\"auto\">Tama\u00f1o 112cms alto x 90cms largo&nbsp; y 50cms&nbsp; de ancho.<\/div>\n<div dir=\"auto\">A\u00f1o 2021<\/div>\n<\/div>\n<\/div>\n<p>[:en]Escultura en barro pintado con acr\u00edlicos sobre m\u00e1rmol.<br \/>\nTama\u00f1o 22cms alto *16cms de grosor y 42cms de ancho<br \/>\nA\u00f1o&nbsp;2018[:]<\/p>\n","protected":false},"featured_media":8336,"comment_status":"open","ping_status":"closed","template":"","meta":{"_et_pb_use_builder":"","_et_pb_old_content":"","_et_gb_content_width":"","ngg_post_thumbnail":0},"product_brand":[],"product_cat":[15],"product_tag":[],"class_list":{"0":"post-8332","1":"product","2":"type-product","3":"status-publish","4":"has-post-thumbnail","6":"product_cat-escultura","8":"first","9":"instock","10":"taxable","11":"shipping-taxable","12":"purchasable","13":"product-type-simple"},"_links":{"self":[{"href":"https:\/\/ferrodex.com\/luisferrodexart\/wp-json\/wp\/v2\/product\/8332","targetHints":{"allow":["GET"]}}],"collection":[{"href":"https:\/\/ferrodex.com\/luisferrodexart\/wp-json\/wp\/v2\/product"}],"about":[{"href":"https:\/\/ferrodex.com\/luisferrodexart\/wp-json\/wp\/v2\/types\/product"}],"replies":[{"embeddable":true,"href":"https:\/\/ferrodex.com\/luisferrodexart\/wp-json\/wp\/v2\/comments?post=8332"}],"wp:featuredmedia":[{"embeddable":true,"href":"https:\/\/ferrodex.com\/luisferrodexart\/wp-json\/wp\/v2\/media\/8336"}],"wp:attachment":[{"href":"https:\/\/ferrodex.com\/luisferrodexart\/wp-json\/wp\/v2\/media?parent=8332"}],"wp:term":[{"taxonomy":"product_brand","embeddable":true,"href":"https:\/\/ferrodex.com\/luisferrodexart\/wp-json\/wp\/v2\/product_brand?post=8332"},{"taxonomy":"product_cat","embeddable":true,"href":"https:\/\/ferrodex.com\/luisferrodexart\/wp-json\/wp\/v2\/product_cat?post=8332"},{"taxonomy":"product_tag","embeddable":true,"href":"https:\/\/ferrodex.com\/luisferrodexart\/wp-json\/wp\/v2\/product_tag?post=8332"}],"curies":[{"name":"wp","href":"https:\/\/api.w.org\/{rel}","templated":true}]}}

SUEÑO INFANTIL

<p>[:es]</p>
<div class="kvgmc6g5 cxmmr5t8 oygrvhab hcukyx3x c1et5uql ii04i59q">
<div dir="auto">
<div class="" data-block="true" data-editor="401l1" data-offset-key="37s6q-0-0">
<div class="_1mf _1mj" data-offset-key="37s6q-0-0">
<div class="kvgmc6g5 cxmmr5t8 oygrvhab hcukyx3x c1et5uql ii04i59q">
<div dir="auto">Viajar. Viajar en bici. Moverse sin avanzar. Jugar y jugar. Sentimientos puros en la mente de un niño. Soñar mil y un cuentos que esperamos se hagan realidad. Los personajes desfilan como gotas de fina lluvia. Primavera siempre.</div>
</div>
</div>
</div>
</div>
</div>
<div class="o9v6fnle cxmmr5t8 oygrvhab hcukyx3x c1et5uql ii04i59q">
<div dir="auto">&nbsp;</div>
</div>
<p>[:en]<b></b>Odiseo O Ulises, héroe legendario que aparece por primera vez en la Ilíada y es el personaje principal de la Odisea, historias atribuidas a Homero. Inventor del Caballo de Troya para tomar dicha ciudad. La juventud y la valentía al poder. Nunca temió la muerte. La muerte como su hermana mayor, aliada y siempre fiel. Respeto mutuo. Héroe de todos los tiempos.[:]</p>

<p>[:es]</p>
<div class="" data-block="true" data-editor="401l1" data-offset-key="f7quk-0-0">
<div class="_1mf _1mj" data-offset-key="f7quk-0-0">
<div dir="auto">Más de 700 objetos infantiles sobre bicicleta estática.</div>
<div dir="auto">Tamaño 112cms alto x 90cms largo&nbsp; y 50cms&nbsp; de ancho.</div>
<div dir="auto">Año 2021</div>
</div>
</div>
<p>[:en]Escultura en barro pintado con acrílicos sobre mármol.<br />
Tamaño 22cms alto *16cms de grosor y 42cms de ancho<br />
Año&nbsp;2018[:]</p>
