{"id":7967,"date":"2021-03-07T12:38:47","date_gmt":"2021-03-07T12:38:47","guid":{"rendered":"http:\/\/ferrodex.com\/luisferrodexart\/?post_type=product&#038;p=7967"},"modified":"2021-03-25T08:51:35","modified_gmt":"2021-03-25T08:51:35","slug":"ave-del-paraiso","status":"publish","type":"product","link":"https:\/\/ferrodex.com\/luisferrodexart\/producto\/ave-del-paraiso\/","title":{"rendered":"AVE DEL PARA\u00cdSO"},"content":{"rendered":"<p>[:es]<\/p>\n<div class=\"kvgmc6g5 cxmmr5t8 oygrvhab hcukyx3x c1et5uql ii04i59q\">\n<div dir=\"auto\">\n<div class=\"kvgmc6g5 cxmmr5t8 oygrvhab hcukyx3x c1et5uql ii04i59q\">\n<div dir=\"auto\">\n<div class=\"kvgmc6g5 cxmmr5t8 oygrvhab hcukyx3x c1et5uql ii04i59q\">\n<div dir=\"auto\">Formas que asemejan colores. Belleza. Coqueter\u00eda en el para\u00edso. Mil sue\u00f1os dentro de un mismo ser.<\/div>\n<\/div>\n<div class=\"o9v6fnle cxmmr5t8 oygrvhab hcukyx3x c1et5uql ii04i59q\">\n<div dir=\"auto\">&nbsp;<\/div>\n<\/div>\n<\/div>\n<\/div>\n<\/div>\n<\/div>\n<div class=\"o9v6fnle cxmmr5t8 oygrvhab hcukyx3x c1et5uql ii04i59q\">\n<div dir=\"auto\">&nbsp;<\/div>\n<\/div>\n<p>[:en]<b><\/b>Odiseo O Ulises, h\u00e9roe legendario que aparece por primera vez en la Il\u00edada y es el personaje principal de la Odisea, historias atribuidas a Homero. Inventor del Caballo de Troya para tomar dicha ciudad. La juventud y la valent\u00eda al poder. Nunca temi\u00f3 la muerte. La muerte como su hermana mayor, aliada y siempre fiel. Respeto mutuo. H\u00e9roe de todos los tiempos.<b><\/b>Odiseo O Ulises, h\u00e9roe legendario que aparece por primera vez en la Il\u00edada y es el personaje principal de la Odisea, historias atribuidas a Homero. Inventor del Caballo de Troya para tomar dicha ciudad. La juventud y la valent\u00eda al poder. Nunca temi\u00f3 la muerte. La muerte como su hermana mayor, aliada y siempre fiel. Respeto mutuo. H\u00e9roe de todos los tiempos.[:]<\/p>\n","protected":false},"excerpt":{"rendered":"<p>[:es]Escultura en hierro.<br \/>\nTama\u00f1o 60&#215;70 cms.<br \/>\nA\u00f1o&nbsp;2021[:en]Escultura en barro pintado con acr\u00edlicos sobre m\u00e1rmol.<br \/>\nTama\u00f1o 22cms alto *16cms de grosor y 42cms de ancho<br \/>\nA\u00f1o&nbsp;2018[:]<\/p>\n","protected":false},"featured_media":7962,"comment_status":"open","ping_status":"closed","template":"","meta":{"_et_pb_use_builder":"","_et_pb_old_content":"","_et_gb_content_width":"","ngg_post_thumbnail":0},"product_brand":[],"product_cat":[15],"product_tag":[],"class_list":{"0":"post-7967","1":"product","2":"type-product","3":"status-publish","4":"has-post-thumbnail","6":"product_cat-escultura","8":"first","9":"instock","10":"taxable","11":"shipping-taxable","12":"purchasable","13":"product-type-simple"},"_links":{"self":[{"href":"https:\/\/ferrodex.com\/luisferrodexart\/wp-json\/wp\/v2\/product\/7967","targetHints":{"allow":["GET"]}}],"collection":[{"href":"https:\/\/ferrodex.com\/luisferrodexart\/wp-json\/wp\/v2\/product"}],"about":[{"href":"https:\/\/ferrodex.com\/luisferrodexart\/wp-json\/wp\/v2\/types\/product"}],"replies":[{"embeddable":true,"href":"https:\/\/ferrodex.com\/luisferrodexart\/wp-json\/wp\/v2\/comments?post=7967"}],"wp:featuredmedia":[{"embeddable":true,"href":"https:\/\/ferrodex.com\/luisferrodexart\/wp-json\/wp\/v2\/media\/7962"}],"wp:attachment":[{"href":"https:\/\/ferrodex.com\/luisferrodexart\/wp-json\/wp\/v2\/media?parent=7967"}],"wp:term":[{"taxonomy":"product_brand","embeddable":true,"href":"https:\/\/ferrodex.com\/luisferrodexart\/wp-json\/wp\/v2\/product_brand?post=7967"},{"taxonomy":"product_cat","embeddable":true,"href":"https:\/\/ferrodex.com\/luisferrodexart\/wp-json\/wp\/v2\/product_cat?post=7967"},{"taxonomy":"product_tag","embeddable":true,"href":"https:\/\/ferrodex.com\/luisferrodexart\/wp-json\/wp\/v2\/product_tag?post=7967"}],"curies":[{"name":"wp","href":"https:\/\/api.w.org\/{rel}","templated":true}]}}

AVE DEL PARAÍSO

<p>[:es]</p>
<div class="kvgmc6g5 cxmmr5t8 oygrvhab hcukyx3x c1et5uql ii04i59q">
<div dir="auto">
<div class="kvgmc6g5 cxmmr5t8 oygrvhab hcukyx3x c1et5uql ii04i59q">
<div dir="auto">
<div class="kvgmc6g5 cxmmr5t8 oygrvhab hcukyx3x c1et5uql ii04i59q">
<div dir="auto">Formas que asemejan colores. Belleza. Coquetería en el paraíso. Mil sueños dentro de un mismo ser.</div>
</div>
<div class="o9v6fnle cxmmr5t8 oygrvhab hcukyx3x c1et5uql ii04i59q">
<div dir="auto">&nbsp;</div>
</div>
</div>
</div>
</div>
</div>
<div class="o9v6fnle cxmmr5t8 oygrvhab hcukyx3x c1et5uql ii04i59q">
<div dir="auto">&nbsp;</div>
</div>
<p>[:en]<b></b>Odiseo O Ulises, héroe legendario que aparece por primera vez en la Ilíada y es el personaje principal de la Odisea, historias atribuidas a Homero. Inventor del Caballo de Troya para tomar dicha ciudad. La juventud y la valentía al poder. Nunca temió la muerte. La muerte como su hermana mayor, aliada y siempre fiel. Respeto mutuo. Héroe de todos los tiempos.<b></b>Odiseo O Ulises, héroe legendario que aparece por primera vez en la Ilíada y es el personaje principal de la Odisea, historias atribuidas a Homero. Inventor del Caballo de Troya para tomar dicha ciudad. La juventud y la valentía al poder. Nunca temió la muerte. La muerte como su hermana mayor, aliada y siempre fiel. Respeto mutuo. Héroe de todos los tiempos.[:]</p>

<p>[:es]Escultura en hierro.<br />
Tamaño 60&#215;70 cms.<br />
Año&nbsp;2021[:en]Escultura en barro pintado con acrílicos sobre mármol.<br />
Tamaño 22cms alto *16cms de grosor y 42cms de ancho<br />
Año&nbsp;2018[:]</p>
