{"id":7966,"date":"2021-03-07T12:35:34","date_gmt":"2021-03-07T12:35:34","guid":{"rendered":"http:\/\/ferrodex.com\/luisferrodexart\/?post_type=product&#038;p=7966"},"modified":"2021-03-25T08:51:39","modified_gmt":"2021-03-25T08:51:39","slug":"avefria","status":"publish","type":"product","link":"https:\/\/ferrodex.com\/luisferrodexart\/producto\/avefria\/","title":{"rendered":"AVEFR\u00cdA"},"content":{"rendered":"<p>[:es]<\/p>\n<div class=\"kvgmc6g5 cxmmr5t8 oygrvhab hcukyx3x c1et5uql ii04i59q\">\n<div dir=\"auto\">\n<div class=\"kvgmc6g5 cxmmr5t8 oygrvhab hcukyx3x c1et5uql ii04i59q\">\n<div dir=\"auto\">Ave de inviernos. Cuando el fr\u00edo atempera las almas. Volar en invierno. Volar en todas las estaciones. So\u00f1ar siempre. Y volar.<\/div>\n<\/div>\n<\/div>\n<\/div>\n<div class=\"o9v6fnle cxmmr5t8 oygrvhab hcukyx3x c1et5uql ii04i59q\">\n<div dir=\"auto\">&nbsp;<\/div>\n<\/div>\n<p>[:en]<b><\/b>Odiseo O Ulises, h\u00e9roe legendario que aparece por primera vez en la Il\u00edada y es el personaje principal de la Odisea, historias atribuidas a Homero. Inventor del Caballo de Troya para tomar dicha ciudad. La juventud y la valent\u00eda al poder. Nunca temi\u00f3 la muerte. La muerte como su hermana mayor, aliada y siempre fiel. Respeto mutuo. H\u00e9roe de todos los tiempos.<b><\/b>Odiseo O Ulises, h\u00e9roe legendario que aparece por primera vez en la Il\u00edada y es el personaje principal de la Odisea, historias atribuidas a Homero. Inventor del Caballo de Troya para tomar dicha ciudad. La juventud y la valent\u00eda al poder. Nunca temi\u00f3 la muerte. La muerte como su hermana mayor, aliada y siempre fiel. Respeto mutuo. H\u00e9roe de todos los tiempos.[:]<\/p>\n","protected":false},"excerpt":{"rendered":"<p>[:es]Escultura en hierro.<br \/>\nTama\u00f1o 62&#215;65 cms.<br \/>\nA\u00f1o&nbsp;2021[:en]Escultura en barro pintado con acr\u00edlicos sobre m\u00e1rmol.<br \/>\nTama\u00f1o 22cms alto *16cms de grosor y 42cms de ancho<br \/>\nA\u00f1o&nbsp;2018[:]<\/p>\n","protected":false},"featured_media":7964,"comment_status":"open","ping_status":"closed","template":"","meta":{"_et_pb_use_builder":"","_et_pb_old_content":"","_et_gb_content_width":"","ngg_post_thumbnail":0},"product_brand":[],"product_cat":[15],"product_tag":[],"class_list":{"0":"post-7966","1":"product","2":"type-product","3":"status-publish","4":"has-post-thumbnail","6":"product_cat-escultura","8":"first","9":"instock","10":"taxable","11":"shipping-taxable","12":"purchasable","13":"product-type-simple"},"_links":{"self":[{"href":"https:\/\/ferrodex.com\/luisferrodexart\/wp-json\/wp\/v2\/product\/7966","targetHints":{"allow":["GET"]}}],"collection":[{"href":"https:\/\/ferrodex.com\/luisferrodexart\/wp-json\/wp\/v2\/product"}],"about":[{"href":"https:\/\/ferrodex.com\/luisferrodexart\/wp-json\/wp\/v2\/types\/product"}],"replies":[{"embeddable":true,"href":"https:\/\/ferrodex.com\/luisferrodexart\/wp-json\/wp\/v2\/comments?post=7966"}],"wp:featuredmedia":[{"embeddable":true,"href":"https:\/\/ferrodex.com\/luisferrodexart\/wp-json\/wp\/v2\/media\/7964"}],"wp:attachment":[{"href":"https:\/\/ferrodex.com\/luisferrodexart\/wp-json\/wp\/v2\/media?parent=7966"}],"wp:term":[{"taxonomy":"product_brand","embeddable":true,"href":"https:\/\/ferrodex.com\/luisferrodexart\/wp-json\/wp\/v2\/product_brand?post=7966"},{"taxonomy":"product_cat","embeddable":true,"href":"https:\/\/ferrodex.com\/luisferrodexart\/wp-json\/wp\/v2\/product_cat?post=7966"},{"taxonomy":"product_tag","embeddable":true,"href":"https:\/\/ferrodex.com\/luisferrodexart\/wp-json\/wp\/v2\/product_tag?post=7966"}],"curies":[{"name":"wp","href":"https:\/\/api.w.org\/{rel}","templated":true}]}}