{"id":7294,"date":"2018-12-12T18:14:56","date_gmt":"2018-12-12T18:14:56","guid":{"rendered":"http:\/\/ferrodex.com\/luisferrodexart\/?post_type=product&#038;p=7294"},"modified":"2020-08-05T17:03:42","modified_gmt":"2020-08-05T17:03:42","slug":"alguien-de-corazon-negro","status":"publish","type":"product","link":"https:\/\/ferrodex.com\/luisferrodexart\/producto\/alguien-de-corazon-negro\/","title":{"rendered":"ALGUIEN DE CORAZ\u00d3N NEGRO"},"content":{"rendered":"<p>Alguien sin coraz\u00f3n. Que cree en lo perdido. Que no puede ver ni hablar. Ojos huecos. Garganta vac\u00eda. Las manos pidiendo clemencia. Esperando lo que todos. Dejar de sufrir para empezar a vivir en otra muerte.<\/p>\n","protected":false},"excerpt":{"rendered":"<p>Pintura al acr\u00edlico sobre lienzo.<br \/>\nTama\u00f1o 70cms * 50cms<br \/>\nA\u00f1o&nbsp;2018<\/p>\n","protected":false},"featured_media":7265,"comment_status":"open","ping_status":"closed","template":"","meta":{"_et_pb_use_builder":"","_et_pb_old_content":"","_et_gb_content_width":"","ngg_post_thumbnail":0},"product_brand":[],"product_cat":[27],"product_tag":[],"class_list":{"0":"post-7294","1":"product","2":"type-product","3":"status-publish","4":"has-post-thumbnail","6":"product_cat-otros-productos","8":"first","9":"instock","10":"taxable","11":"shipping-taxable","12":"purchasable","13":"product-type-simple"},"_links":{"self":[{"href":"https:\/\/ferrodex.com\/luisferrodexart\/wp-json\/wp\/v2\/product\/7294","targetHints":{"allow":["GET"]}}],"collection":[{"href":"https:\/\/ferrodex.com\/luisferrodexart\/wp-json\/wp\/v2\/product"}],"about":[{"href":"https:\/\/ferrodex.com\/luisferrodexart\/wp-json\/wp\/v2\/types\/product"}],"replies":[{"embeddable":true,"href":"https:\/\/ferrodex.com\/luisferrodexart\/wp-json\/wp\/v2\/comments?post=7294"}],"wp:featuredmedia":[{"embeddable":true,"href":"https:\/\/ferrodex.com\/luisferrodexart\/wp-json\/wp\/v2\/media\/7265"}],"wp:attachment":[{"href":"https:\/\/ferrodex.com\/luisferrodexart\/wp-json\/wp\/v2\/media?parent=7294"}],"wp:term":[{"taxonomy":"product_brand","embeddable":true,"href":"https:\/\/ferrodex.com\/luisferrodexart\/wp-json\/wp\/v2\/product_brand?post=7294"},{"taxonomy":"product_cat","embeddable":true,"href":"https:\/\/ferrodex.com\/luisferrodexart\/wp-json\/wp\/v2\/product_cat?post=7294"},{"taxonomy":"product_tag","embeddable":true,"href":"https:\/\/ferrodex.com\/luisferrodexart\/wp-json\/wp\/v2\/product_tag?post=7294"}],"curies":[{"name":"wp","href":"https:\/\/api.w.org\/{rel}","templated":true}]}}