{"id":7237,"date":"2018-12-07T08:59:27","date_gmt":"2018-12-07T08:59:27","guid":{"rendered":"http:\/\/ferrodex.com\/luisferrodexart\/?post_type=product&#038;p=7237"},"modified":"2020-08-05T17:05:54","modified_gmt":"2020-08-05T17:05:54","slug":"flor-de-lis","status":"publish","type":"product","link":"https:\/\/ferrodex.com\/luisferrodexart\/producto\/flor-de-lis\/","title":{"rendered":"FLOR DE LIS"},"content":{"rendered":"<p>Es la belleza y la esperanza vestida de flor. Algo que surge del caos de la propia vida y equilibra nuestra energ\u00eda. Luz de luces entre sombras. La vida sigue. Se diluye el olvido en una amalgama de colores sentidos.<\/p>\n","protected":false},"excerpt":{"rendered":"<p>Pintura al acr\u00edlico y \u00f3leo &nbsp;con piezas de m\u00e1rmol coloreadas sobre madera.<br \/>\nTama\u00f1o 33cms * 34cms<br \/>\nA\u00f1o&nbsp;2018<\/p>\n","protected":false},"featured_media":7235,"comment_status":"open","ping_status":"closed","template":"","meta":{"_et_pb_use_builder":"","_et_pb_old_content":"","_et_gb_content_width":"","ngg_post_thumbnail":0},"product_brand":[],"product_cat":[15,27],"product_tag":[],"class_list":{"0":"post-7237","1":"product","2":"type-product","3":"status-publish","4":"has-post-thumbnail","6":"product_cat-escultura","7":"product_cat-otros-productos","9":"first","10":"instock","11":"taxable","12":"shipping-taxable","13":"purchasable","14":"product-type-simple"},"_links":{"self":[{"href":"https:\/\/ferrodex.com\/luisferrodexart\/wp-json\/wp\/v2\/product\/7237","targetHints":{"allow":["GET"]}}],"collection":[{"href":"https:\/\/ferrodex.com\/luisferrodexart\/wp-json\/wp\/v2\/product"}],"about":[{"href":"https:\/\/ferrodex.com\/luisferrodexart\/wp-json\/wp\/v2\/types\/product"}],"replies":[{"embeddable":true,"href":"https:\/\/ferrodex.com\/luisferrodexart\/wp-json\/wp\/v2\/comments?post=7237"}],"wp:featuredmedia":[{"embeddable":true,"href":"https:\/\/ferrodex.com\/luisferrodexart\/wp-json\/wp\/v2\/media\/7235"}],"wp:attachment":[{"href":"https:\/\/ferrodex.com\/luisferrodexart\/wp-json\/wp\/v2\/media?parent=7237"}],"wp:term":[{"taxonomy":"product_brand","embeddable":true,"href":"https:\/\/ferrodex.com\/luisferrodexart\/wp-json\/wp\/v2\/product_brand?post=7237"},{"taxonomy":"product_cat","embeddable":true,"href":"https:\/\/ferrodex.com\/luisferrodexart\/wp-json\/wp\/v2\/product_cat?post=7237"},{"taxonomy":"product_tag","embeddable":true,"href":"https:\/\/ferrodex.com\/luisferrodexart\/wp-json\/wp\/v2\/product_tag?post=7237"}],"curies":[{"name":"wp","href":"https:\/\/api.w.org\/{rel}","templated":true}]}}