{"id":7157,"date":"2018-05-19T09:23:35","date_gmt":"2018-05-19T09:23:35","guid":{"rendered":"http:\/\/ferrodex.com\/luisferrodexart\/?post_type=product&#038;p=7157"},"modified":"2020-08-05T17:08:04","modified_gmt":"2020-08-05T17:08:04","slug":"atraccion-en-el-amor","status":"publish","type":"product","link":"https:\/\/ferrodex.com\/luisferrodexart\/producto\/atraccion-en-el-amor\/","title":{"rendered":"ATRACCI\u00d3N EN EL AMOR"},"content":{"rendered":"<p>Dos s\u00edmbolos hombre y mujer. Se cruzan las miradas. Se acortan las distancias. Detr\u00e1s el laberinto de la ciudad. Lo que la ciudad esconde. Amor a quemarropa. Amor al principio y hasta el fin. Siempre amor.<\/p>\n","protected":false},"excerpt":{"rendered":"<p>\u00d3leo y acr\u00edlico sobre cart\u00f3n.<br \/>\nTama\u00f1o 70cms *50cms<br \/>\nA\u00f1o 2018<\/p>\n","protected":false},"featured_media":7158,"comment_status":"open","ping_status":"closed","template":"","meta":{"_et_pb_use_builder":"","_et_pb_old_content":"","_et_gb_content_width":"","ngg_post_thumbnail":0},"product_brand":[],"product_cat":[27],"product_tag":[],"class_list":{"0":"post-7157","1":"product","2":"type-product","3":"status-publish","4":"has-post-thumbnail","6":"product_cat-otros-productos","8":"first","9":"instock","10":"taxable","11":"shipping-taxable","12":"purchasable","13":"product-type-simple"},"_links":{"self":[{"href":"https:\/\/ferrodex.com\/luisferrodexart\/wp-json\/wp\/v2\/product\/7157","targetHints":{"allow":["GET"]}}],"collection":[{"href":"https:\/\/ferrodex.com\/luisferrodexart\/wp-json\/wp\/v2\/product"}],"about":[{"href":"https:\/\/ferrodex.com\/luisferrodexart\/wp-json\/wp\/v2\/types\/product"}],"replies":[{"embeddable":true,"href":"https:\/\/ferrodex.com\/luisferrodexart\/wp-json\/wp\/v2\/comments?post=7157"}],"wp:featuredmedia":[{"embeddable":true,"href":"https:\/\/ferrodex.com\/luisferrodexart\/wp-json\/wp\/v2\/media\/7158"}],"wp:attachment":[{"href":"https:\/\/ferrodex.com\/luisferrodexart\/wp-json\/wp\/v2\/media?parent=7157"}],"wp:term":[{"taxonomy":"product_brand","embeddable":true,"href":"https:\/\/ferrodex.com\/luisferrodexart\/wp-json\/wp\/v2\/product_brand?post=7157"},{"taxonomy":"product_cat","embeddable":true,"href":"https:\/\/ferrodex.com\/luisferrodexart\/wp-json\/wp\/v2\/product_cat?post=7157"},{"taxonomy":"product_tag","embeddable":true,"href":"https:\/\/ferrodex.com\/luisferrodexart\/wp-json\/wp\/v2\/product_tag?post=7157"}],"curies":[{"name":"wp","href":"https:\/\/api.w.org\/{rel}","templated":true}]}}