{"id":7115,"date":"2018-03-18T18:16:54","date_gmt":"2018-03-18T18:16:54","guid":{"rendered":"http:\/\/ferrodex.com\/luisferrodexart\/?post_type=product&#038;p=7115"},"modified":"2018-03-18T18:21:22","modified_gmt":"2018-03-18T18:21:22","slug":"ulises-en-troya","status":"publish","type":"product","link":"https:\/\/ferrodex.com\/luisferrodexart\/producto\/ulises-en-troya\/","title":{"rendered":"ULISES EN TROYA"},"content":{"rendered":"<p><b><\/b>Odiseo O Ulises, h\u00e9roe legendario que aparece por primera vez en la Il\u00edada y es el personaje principal de la Odisea, historias atribuidas a Homero. Inventor del Caballo de Troya para tomar dicha ciudad. La juventud y la valent\u00eda al poder. Nunca temi\u00f3 la muerte. La muerte como su hermana mayor, aliada y siempre fiel. Respeto mutuo. H\u00e9roe de todos los tiempos.<\/p>\n","protected":false},"excerpt":{"rendered":"<p>Escultura en barro pintado con acr\u00edlicos sobre m\u00e1rmol.<br \/>\nTama\u00f1o 22cms alto *16cms de grosor y 42cms de ancho<br \/>\nA\u00f1o&nbsp;2018<\/p>\n","protected":false},"featured_media":7112,"comment_status":"open","ping_status":"closed","template":"","meta":{"_et_pb_use_builder":"","_et_pb_old_content":"","_et_gb_content_width":"","ngg_post_thumbnail":0},"product_brand":[],"product_cat":[15],"product_tag":[],"class_list":{"0":"post-7115","1":"product","2":"type-product","3":"status-publish","4":"has-post-thumbnail","6":"product_cat-escultura","8":"first","9":"instock","10":"taxable","11":"shipping-taxable","12":"purchasable","13":"product-type-simple"},"_links":{"self":[{"href":"https:\/\/ferrodex.com\/luisferrodexart\/wp-json\/wp\/v2\/product\/7115","targetHints":{"allow":["GET"]}}],"collection":[{"href":"https:\/\/ferrodex.com\/luisferrodexart\/wp-json\/wp\/v2\/product"}],"about":[{"href":"https:\/\/ferrodex.com\/luisferrodexart\/wp-json\/wp\/v2\/types\/product"}],"replies":[{"embeddable":true,"href":"https:\/\/ferrodex.com\/luisferrodexart\/wp-json\/wp\/v2\/comments?post=7115"}],"wp:featuredmedia":[{"embeddable":true,"href":"https:\/\/ferrodex.com\/luisferrodexart\/wp-json\/wp\/v2\/media\/7112"}],"wp:attachment":[{"href":"https:\/\/ferrodex.com\/luisferrodexart\/wp-json\/wp\/v2\/media?parent=7115"}],"wp:term":[{"taxonomy":"product_brand","embeddable":true,"href":"https:\/\/ferrodex.com\/luisferrodexart\/wp-json\/wp\/v2\/product_brand?post=7115"},{"taxonomy":"product_cat","embeddable":true,"href":"https:\/\/ferrodex.com\/luisferrodexart\/wp-json\/wp\/v2\/product_cat?post=7115"},{"taxonomy":"product_tag","embeddable":true,"href":"https:\/\/ferrodex.com\/luisferrodexart\/wp-json\/wp\/v2\/product_tag?post=7115"}],"curies":[{"name":"wp","href":"https:\/\/api.w.org\/{rel}","templated":true}]}}