{"id":6800,"date":"2017-11-15T09:46:56","date_gmt":"2017-11-15T09:46:56","guid":{"rendered":"http:\/\/ferrodex.com\/luisferrodexart\/producto\/saludo\/"},"modified":"2018-01-14T11:48:19","modified_gmt":"2018-01-14T11:48:19","slug":"saludo","status":"publish","type":"product","link":"https:\/\/ferrodex.com\/luisferrodexart\/producto\/saludo\/","title":{"rendered":"SALUDO"},"content":{"rendered":"<p>Una mujer se detiene de camino al campo para saludarnos. La belleza no es igual para ricos y pobres, sin duda la de los pobres es m\u00e1s sabia y sin l\u00edmites, natural. La belleza de los ricos es un maquillaje que trata de tapar sus verg\u00fcenzas y tristezas.<\/p>\n","protected":false},"excerpt":{"rendered":"<p>Fotograf\u00eda a color. Tama\u00f1o a elegir. &nbsp;<br \/>\nDin A3 a 60 \u20ac<br \/>\nDin A4 a 100 \u20ac<br \/>\nPara mayores impresiones consultar precios.<\/p>\n","protected":false},"featured_media":6774,"comment_status":"open","ping_status":"closed","template":"","meta":{"_et_pb_use_builder":"","_et_pb_old_content":"","_et_gb_content_width":"","ngg_post_thumbnail":0},"product_brand":[],"product_cat":[16],"product_tag":[],"class_list":{"0":"post-6800","1":"product","2":"type-product","3":"status-publish","4":"has-post-thumbnail","6":"product_cat-fotografia","8":"first","9":"instock","10":"taxable","11":"shipping-taxable","12":"purchasable","13":"product-type-simple"},"_links":{"self":[{"href":"https:\/\/ferrodex.com\/luisferrodexart\/wp-json\/wp\/v2\/product\/6800","targetHints":{"allow":["GET"]}}],"collection":[{"href":"https:\/\/ferrodex.com\/luisferrodexart\/wp-json\/wp\/v2\/product"}],"about":[{"href":"https:\/\/ferrodex.com\/luisferrodexart\/wp-json\/wp\/v2\/types\/product"}],"replies":[{"embeddable":true,"href":"https:\/\/ferrodex.com\/luisferrodexart\/wp-json\/wp\/v2\/comments?post=6800"}],"wp:featuredmedia":[{"embeddable":true,"href":"https:\/\/ferrodex.com\/luisferrodexart\/wp-json\/wp\/v2\/media\/6774"}],"wp:attachment":[{"href":"https:\/\/ferrodex.com\/luisferrodexart\/wp-json\/wp\/v2\/media?parent=6800"}],"wp:term":[{"taxonomy":"product_brand","embeddable":true,"href":"https:\/\/ferrodex.com\/luisferrodexart\/wp-json\/wp\/v2\/product_brand?post=6800"},{"taxonomy":"product_cat","embeddable":true,"href":"https:\/\/ferrodex.com\/luisferrodexart\/wp-json\/wp\/v2\/product_cat?post=6800"},{"taxonomy":"product_tag","embeddable":true,"href":"https:\/\/ferrodex.com\/luisferrodexart\/wp-json\/wp\/v2\/product_tag?post=6800"}],"curies":[{"name":"wp","href":"https:\/\/api.w.org\/{rel}","templated":true}]}}