{"id":6513,"date":"2017-03-05T11:17:21","date_gmt":"2017-03-05T11:17:21","guid":{"rendered":"http:\/\/ferrodex.com\/luisferrodexart\/producto\/bilbao-2\/"},"modified":"2018-01-14T12:15:12","modified_gmt":"2018-01-14T12:15:12","slug":"bilbao-2","status":"publish","type":"product","link":"https:\/\/ferrodex.com\/luisferrodexart\/producto\/bilbao-2\/","title":{"rendered":"PLUMERO DE LA PAMPA"},"content":{"rendered":"<p>Esta planta, Plumero de la Pampa, introducida en Espa\u00f1a llega a ser una plaga&nbsp;y tan voraz que coloniza todos los terrenos h\u00famedos del norte de Espa\u00f1a. Voracidad y hermosura unidas.<\/p>\n","protected":false},"excerpt":{"rendered":"<p>Fotograf\u00eda a color. Tama\u00f1o a elegir. &nbsp;<br \/>\nDin A3 a 60 \u20ac<br \/>\nDin A4 a 100 \u20ac<br \/>\nPara mayores impresiones consultar precios.<\/p>\n","protected":false},"featured_media":6493,"comment_status":"open","ping_status":"closed","template":"","meta":{"_et_pb_use_builder":"","_et_pb_old_content":"","_et_gb_content_width":"","ngg_post_thumbnail":0},"product_brand":[],"product_cat":[16],"product_tag":[],"class_list":{"0":"post-6513","1":"product","2":"type-product","3":"status-publish","4":"has-post-thumbnail","6":"product_cat-fotografia","8":"first","9":"instock","10":"taxable","11":"shipping-taxable","12":"purchasable","13":"product-type-simple"},"_links":{"self":[{"href":"https:\/\/ferrodex.com\/luisferrodexart\/wp-json\/wp\/v2\/product\/6513","targetHints":{"allow":["GET"]}}],"collection":[{"href":"https:\/\/ferrodex.com\/luisferrodexart\/wp-json\/wp\/v2\/product"}],"about":[{"href":"https:\/\/ferrodex.com\/luisferrodexart\/wp-json\/wp\/v2\/types\/product"}],"replies":[{"embeddable":true,"href":"https:\/\/ferrodex.com\/luisferrodexart\/wp-json\/wp\/v2\/comments?post=6513"}],"wp:featuredmedia":[{"embeddable":true,"href":"https:\/\/ferrodex.com\/luisferrodexart\/wp-json\/wp\/v2\/media\/6493"}],"wp:attachment":[{"href":"https:\/\/ferrodex.com\/luisferrodexart\/wp-json\/wp\/v2\/media?parent=6513"}],"wp:term":[{"taxonomy":"product_brand","embeddable":true,"href":"https:\/\/ferrodex.com\/luisferrodexart\/wp-json\/wp\/v2\/product_brand?post=6513"},{"taxonomy":"product_cat","embeddable":true,"href":"https:\/\/ferrodex.com\/luisferrodexart\/wp-json\/wp\/v2\/product_cat?post=6513"},{"taxonomy":"product_tag","embeddable":true,"href":"https:\/\/ferrodex.com\/luisferrodexart\/wp-json\/wp\/v2\/product_tag?post=6513"}],"curies":[{"name":"wp","href":"https:\/\/api.w.org\/{rel}","templated":true}]}}