{"id":6105,"date":"2017-01-25T14:00:28","date_gmt":"2017-01-25T14:00:28","guid":{"rendered":"http:\/\/ferrodex.com\/luisferrodexart\/producto\/nexo-de-union\/"},"modified":"2020-08-05T17:30:28","modified_gmt":"2020-08-05T17:30:28","slug":"nexo-de-union","status":"publish","type":"product","link":"https:\/\/ferrodex.com\/luisferrodexart\/producto\/nexo-de-union\/","title":{"rendered":"NEXO DE UNI\u00d3N"},"content":{"rendered":"<p>Todo hecho de la vida lleva un nexo de uni\u00f3n. Incluso cuando son dos polos opuestos o enfrentados tratan sus ra\u00edces de llegar a unirse.<\/p>\n","protected":false},"excerpt":{"rendered":"<p>Pintura al acr\u00edlico sobre m\u00e1rmol.<br \/>\nTama\u00f1o de &nbsp;30cms * 47cms<br \/>\nA\u00f1o 2017<\/p>\n<p>&nbsp;<\/p>\n","protected":false},"featured_media":6101,"comment_status":"open","ping_status":"closed","template":"","meta":{"_et_pb_use_builder":"","_et_pb_old_content":"","_et_gb_content_width":"","ngg_post_thumbnail":0},"product_brand":[],"product_cat":[15,27],"product_tag":[],"class_list":{"0":"post-6105","1":"product","2":"type-product","3":"status-publish","4":"has-post-thumbnail","6":"product_cat-escultura","7":"product_cat-otros-productos","9":"first","10":"instock","11":"taxable","12":"shipping-taxable","13":"purchasable","14":"product-type-simple"},"_links":{"self":[{"href":"https:\/\/ferrodex.com\/luisferrodexart\/wp-json\/wp\/v2\/product\/6105","targetHints":{"allow":["GET"]}}],"collection":[{"href":"https:\/\/ferrodex.com\/luisferrodexart\/wp-json\/wp\/v2\/product"}],"about":[{"href":"https:\/\/ferrodex.com\/luisferrodexart\/wp-json\/wp\/v2\/types\/product"}],"replies":[{"embeddable":true,"href":"https:\/\/ferrodex.com\/luisferrodexart\/wp-json\/wp\/v2\/comments?post=6105"}],"wp:featuredmedia":[{"embeddable":true,"href":"https:\/\/ferrodex.com\/luisferrodexart\/wp-json\/wp\/v2\/media\/6101"}],"wp:attachment":[{"href":"https:\/\/ferrodex.com\/luisferrodexart\/wp-json\/wp\/v2\/media?parent=6105"}],"wp:term":[{"taxonomy":"product_brand","embeddable":true,"href":"https:\/\/ferrodex.com\/luisferrodexart\/wp-json\/wp\/v2\/product_brand?post=6105"},{"taxonomy":"product_cat","embeddable":true,"href":"https:\/\/ferrodex.com\/luisferrodexart\/wp-json\/wp\/v2\/product_cat?post=6105"},{"taxonomy":"product_tag","embeddable":true,"href":"https:\/\/ferrodex.com\/luisferrodexart\/wp-json\/wp\/v2\/product_tag?post=6105"}],"curies":[{"name":"wp","href":"https:\/\/api.w.org\/{rel}","templated":true}]}}