{"id":7726,"date":"2020-08-05T16:22:33","date_gmt":"2020-08-05T16:22:33","guid":{"rendered":"http:\/\/ferrodex.com\/luisferrodexart\/?page_id=7726"},"modified":"2021-03-30T09:39:31","modified_gmt":"2021-03-30T09:39:31","slug":"otrosdibujospinturas","status":"publish","type":"page","link":"https:\/\/ferrodex.com\/luisferrodexart\/otrosdibujospinturas\/","title":{"rendered":"otros dibujos\/pinturas"},"content":{"rendered":"<p>[:es][et_pb_section bb_built=\u00bb1&#8243; admin_label=\u00bbSection\u00bb fullwidth=\u00bboff\u00bb specialty=\u00bboff\u00bb background_color=\u00bb#f9f9f9&#8243; parallax_method=\u00bboff\u00bb custom_padding_tablet=\u00bb50px|0|50px|0&#8243; custom_padding_last_edited=\u00bbon|desktop\u00bb _builder_version=\u00bb3.0.106&#8243;][et_pb_row admin_label=\u00bbRow\u00bb custom_padding=\u00bb68px|||\u00bb padding_mobile=\u00bbon\u00bb parallax_method=\u00bboff\u00bb parallax_method_1=\u00bboff\u00bb column_padding_mobile=\u00bbon\u00bb background_position=\u00bbtop_left\u00bb background_repeat=\u00bbrepeat\u00bb background_size=\u00bbinitial\u00bb _builder_version=\u00bb3.0.106&#8243;][et_pb_column type=\u00bb4_4&#8243;][et_pb_text admin_label=\u00bbText\u00bb background_layout=\u00bblight\u00bb text_orientation=\u00bbcenter\u00bb use_border_color=\u00bboff\u00bb text_font=\u00bbMontserrat|on|||\u00bb text_font_size=\u00bb48&#8243; text_text_color=\u00bb#454545&#8243; text_line_height=\u00bb1.2em\u00bb custom_margin=\u00bb||0px|\u00bb text_font_size_tablet=\u00bb36&#8243; text_font_size_last_edited=\u00bbon|tablet\u00bb background_position=\u00bbtop_left\u00bb background_repeat=\u00bbrepeat\u00bb background_size=\u00bbinitial\u00bb module_alignment=\u00bbcenter\u00bb _builder_version=\u00bb3.0.106&#8243;]<\/p>\n<p>mis otros dibujos\/pinturas<\/p>\n<p>[\/et_pb_text][et_pb_text admin_label=\u00bbText\u00bb background_layout=\u00bblight\u00bb text_orientation=\u00bbcenter\u00bb use_border_color=\u00bboff\u00bb max_width=\u00bb620px\u00bb text_font=\u00bbPT Serif||||\u00bb text_font_size=\u00bb24&#8243; text_text_color=\u00bb#888888&#8243; text_line_height=\u00bb1.4em\u00bb custom_margin=\u00bb10px|||\u00bb background_position=\u00bbtop_left\u00bb background_repeat=\u00bbrepeat\u00bb background_size=\u00bbinitial\u00bb module_alignment=\u00bbcenter\u00bb _builder_version=\u00bb3.0.106&#8243;]<\/p>\n<h4 style=\"text-align: center;\"><span style=\"color: #999999;\">Si est\u00e1s interesado en cualquiera de las obras aqu\u00ed expuestas,<br \/>\npor favor pulsa sobre la misma <\/span><br \/>\n<span style=\"color: #999999;\"> y ver\u00e1s sus detalles&nbsp;t\u00e9cnicos, su precio y m\u00e1s im\u00e1genes&nbsp;de la obra. <\/span><br \/>\n<span style=\"color: #999999;\"> O bien ponte en contacto conmigo si tienes alg\u00fan tipo de consulta o<br \/>\n<\/span><span style=\"color: #999999;\">para encargar un mural.<\/span><\/h4>\n<p>[\/et_pb_text][et_pb_shop type=\u00bbproduct_category\u00bb columns_number=\u00bb0&#8243; orderby=\u00bbmenu_order\u00bb title_font_size=\u00bb20&#8243; posts_number=\u00bb1000&#8243; include_categories=\u00bb27&#8243; _builder_version=\u00bb3.0.106&#8243;]<\/p>\n<p>&nbsp;<\/p>\n<p>[\/et_pb_shop][et_pb_shop type=\u00bbproduct_category\u00bb posts_number=\u00bb1000&#8243; include_categories=\u00bb21,18,26,23,17,14,19,25&#8243; columns_number=\u00bb0&#8243; orderby=\u00bbmenu_order\u00bb disabled_on=\u00bbon|on|on\u00bb disabled=\u00bbon\u00bb _builder_version=\u00bb3.0.106&#8243;]<\/p>\n<p>&nbsp;<\/p>\n<p>[\/et_pb_shop][\/et_pb_column][\/et_pb_row][\/et_pb_section][:en][et_pb_section fullwidth=\u00bboff\u00bb specialty=\u00bboff\u00bb admin_label=\u00bbSecci\u00f3n\u00bb][et_pb_row admin_label=\u00bbFila\u00bb][et_pb_column type=\u00bb1_2&#8243;][et_pb_image admin_label=\u00bbImagen\u00bb src=\u00bbhttps:\/\/ferrodex.com\/luisferrodexart\/wp-content\/uploads\/2017\/01\/rotator-13.jpg\u00bb show_in_lightbox=\u00bboff\u00bb url_new_window=\u00bboff\u00bb use_overlay=\u00bboff\u00bb animation=\u00bbleft\u00bb sticky=\u00bboff\u00bb align=\u00bbleft\u00bb force_fullwidth=\u00bboff\u00bb always_center_on_mobile=\u00bbon\u00bb use_border_color=\u00bboff\u00bb border_color=\u00bb#ffffff\u00bb border_style=\u00bbsolid\u00bb \/][\/et_pb_column][et_pb_column type=\u00bb1_2&#8243;][et_pb_post_title admin_label=\u00bbT\u00edtulo de publicaci\u00f3n\u00bb title=\u00bbon\u00bb meta=\u00bboff\u00bb author=\u00bbon\u00bb date=\u00bbon\u00bb categories=\u00bbon\u00bb comments=\u00bbon\u00bb featured_image=\u00bboff\u00bb featured_placement=\u00bbbelow\u00bb parallax_effect=\u00bbon\u00bb parallax_method=\u00bbon\u00bb text_orientation=\u00bbleft\u00bb text_color=\u00bbdark\u00bb text_background=\u00bboff\u00bb text_bg_color=\u00bbrgba(255,255,255,0.9)\u00bb module_bg_color=\u00bbrgba(255,255,255,0)\u00bb use_border_color=\u00bboff\u00bb border_color=\u00bb#ffffff\u00bb border_style=\u00bbsolid\u00bb \/][\/et_pb_column][\/et_pb_row][\/et_pb_section][et_pb_section admin_label=\u00bbSection\u00bb fullwidth=\u00bboff\u00bb specialty=\u00bboff\u00bb transparent_background=\u00bboff\u00bb background_color=\u00bb#f9f9f9&#8243; allow_player_pause=\u00bboff\u00bb inner_shadow=\u00bboff\u00bb parallax=\u00bboff\u00bb parallax_method=\u00bboff\u00bb padding_mobile=\u00bboff\u00bb make_fullwidth=\u00bboff\u00bb use_custom_width=\u00bboff\u00bb width_unit=\u00bbon\u00bb make_equal=\u00bboff\u00bb use_custom_gutter=\u00bboff\u00bb][et_pb_row admin_label=\u00bbRow\u00bb make_fullwidth=\u00bboff\u00bb use_custom_width=\u00bboff\u00bb width_unit=\u00bbon\u00bb use_custom_gutter=\u00bboff\u00bb custom_padding=\u00bb68px|||\u00bb padding_mobile=\u00bbon\u00bb allow_player_pause=\u00bboff\u00bb parallax=\u00bboff\u00bb parallax_method=\u00bboff\u00bb make_equal=\u00bboff\u00bb parallax_1=\u00bboff\u00bb parallax_method_1=\u00bboff\u00bb column_padding_mobile=\u00bbon\u00bb][et_pb_column type=\u00bb4_4&#8243;][et_pb_text admin_label=\u00bbText\u00bb background_layout=\u00bblight\u00bb text_orientation=\u00bbcenter\u00bb use_border_color=\u00bboff\u00bb border_color=\u00bb#ffffff\u00bb border_style=\u00bbsolid\u00bb text_font=\u00bbMontserrat|on|||\u00bb text_font_size=\u00bb48&#8243; text_text_color=\u00bb#454545&#8243; text_line_height=\u00bb1.2em\u00bb custom_margin=\u00bb||0px|\u00bb text_font_size_tablet=\u00bb36&#8243; text_font_size_last_edited=\u00bbon|tablet\u00bb]<\/p>\n<p>Mis Obras<\/p>\n<p>[\/et_pb_text][et_pb_text admin_label=\u00bbText\u00bb background_layout=\u00bblight\u00bb text_orientation=\u00bbcenter\u00bb use_border_color=\u00bboff\u00bb border_color=\u00bb#ffffff\u00bb border_style=\u00bbsolid\u00bb max_width=\u00bb620px\u00bb text_font=\u00bbPT Serif||||\u00bb text_font_size=\u00bb24&#8243; text_text_color=\u00bb#888888&#8243; text_line_height=\u00bb1.4em\u00bb custom_margin=\u00bb10px|||\u00bb]<\/p>\n<p>Some of them for selling, if you are interested in someone please leave a messaje<\/p>\n<p>[\/et_pb_text][\/et_pb_column][\/et_pb_row][et_pb_row admin_label=\u00bbRow\u00bb make_fullwidth=\u00bboff\u00bb use_custom_width=\u00bboff\u00bb width_unit=\u00bbon\u00bb use_custom_gutter=\u00bbon\u00bb padding_mobile=\u00bbon\u00bb allow_player_pause=\u00bboff\u00bb parallax=\u00bboff\u00bb parallax_method=\u00bboff\u00bb make_equal=\u00bbon\u00bb parallax_1=\u00bboff\u00bb parallax_method_1=\u00bboff\u00bb parallax_2=\u00bboff\u00bb parallax_method_2=\u00bboff\u00bb background_color_2=\u00bb#ffffff\u00bb column_padding_mobile=\u00bbon\u00bb gutter_width=\u00bb2&#8243; custom_padding=\u00bb30px||0px|\u00bb background_color_1=\u00bb#ffffff\u00bb disabled_on=\u00bbon|on|on\u00bb disabled=\u00bbon\u00bb][et_pb_column type=\u00bb1_2&#8243;][et_pb_image admin_label=\u00bbImage\u00bb src=\u00bbhttps:\/\/ferrodex.com\/luisferrodexart\/wp-content\/uploads\/2017\/01\/15823015_1528084570553873_6499044035880650366_n.jpg\u00bb show_in_lightbox=\u00bbon\u00bb url_new_window=\u00bboff\u00bb use_overlay=\u00bbon\u00bb animation=\u00bboff\u00bb sticky=\u00bbon\u00bb align=\u00bbcenter\u00bb force_fullwidth=\u00bbon\u00bb always_center_on_mobile=\u00bbon\u00bb use_border_color=\u00bboff\u00bb border_color=\u00bb#ffffff\u00bb border_style=\u00bbsolid\u00bb hover_overlay_color=\u00bbrgba(39,108,242,0.78)\u00bb overlay_icon_color=\u00bb#ffffff\u00bb] [\/et_pb_image][et_pb_text admin_label=\u00bbText\u00bb background_layout=\u00bblight\u00bb text_orientation=\u00bbcenter\u00bb text_font=\u00bbMontserrat|on|||\u00bb text_font_size=\u00bb12&#8243; text_text_color=\u00bb#454545&#8243; background_color=\u00bb#ffffff\u00bb use_border_color=\u00bboff\u00bb border_color=\u00bb#ffffff\u00bb border_style=\u00bbsolid\u00bb custom_margin=\u00bb30px||0px|\u00bb]<\/p>\n<p>SMALL HEADING<\/p>\n<p>[\/et_pb_text][et_pb_text admin_label=\u00bbText\u00bb background_layout=\u00bblight\u00bb text_orientation=\u00bbcenter\u00bb text_font=\u00bbPT Serif||||\u00bb text_font_size=\u00bb24&#8243; text_text_color=\u00bb#888888&#8243; background_color=\u00bb#ffffff\u00bb use_border_color=\u00bboff\u00bb border_color=\u00bb#ffffff\u00bb border_style=\u00bbsolid\u00bb custom_margin=\u00bb10px||30px|\u00bb]<\/p>\n<p>Lorem ipsum dolor.<\/p>\n<p>[\/et_pb_text][\/et_pb_column][et_pb_column type=\u00bb1_2&#8243;][et_pb_image admin_label=\u00bbImage\u00bb src=\u00bbhttps:\/\/ferrodex.com\/luisferrodexart\/wp-content\/uploads\/2017\/01\/15032146_1472509382778059_6938571024487496303_n.jpg\u00bb show_in_lightbox=\u00bbon\u00bb url_new_window=\u00bboff\u00bb use_overlay=\u00bbon\u00bb animation=\u00bboff\u00bb sticky=\u00bbon\u00bb align=\u00bbcenter\u00bb force_fullwidth=\u00bbon\u00bb always_center_on_mobile=\u00bbon\u00bb use_border_color=\u00bboff\u00bb border_color=\u00bb#ffffff\u00bb border_style=\u00bbsolid\u00bb hover_overlay_color=\u00bbrgba(39,108,242,0.78)\u00bb overlay_icon_color=\u00bb#ffffff\u00bb] [\/et_pb_image][et_pb_text admin_label=\u00bbText\u00bb background_layout=\u00bblight\u00bb text_orientation=\u00bbcenter\u00bb text_font=\u00bbMontserrat|on|||\u00bb text_font_size=\u00bb12&#8243; text_text_color=\u00bb#454545&#8243; background_color=\u00bb#ffffff\u00bb use_border_color=\u00bboff\u00bb border_color=\u00bb#ffffff\u00bb border_style=\u00bbsolid\u00bb custom_margin=\u00bb30px||0px|\u00bb]<\/p>\n<p>SMALL HEADING<\/p>\n<p>[\/et_pb_text][et_pb_text admin_label=\u00bbText\u00bb background_layout=\u00bblight\u00bb text_orientation=\u00bbcenter\u00bb text_font=\u00bbPT Serif||||\u00bb text_font_size=\u00bb24&#8243; text_text_color=\u00bb#888888&#8243; background_color=\u00bb#ffffff\u00bb use_border_color=\u00bboff\u00bb border_color=\u00bb#ffffff\u00bb border_style=\u00bbsolid\u00bb custom_margin=\u00bb10px||30px|\u00bb]<\/p>\n<p>Lorem ipsum dolor.<\/p>\n<p>[\/et_pb_text][\/et_pb_column][\/et_pb_row][et_pb_row admin_label=\u00bbRow\u00bb make_fullwidth=\u00bboff\u00bb use_custom_width=\u00bboff\u00bb width_unit=\u00bbon\u00bb use_custom_gutter=\u00bbon\u00bb padding_mobile=\u00bbon\u00bb allow_player_pause=\u00bboff\u00bb parallax=\u00bboff\u00bb parallax_method=\u00bboff\u00bb make_equal=\u00bbon\u00bb parallax_1=\u00bboff\u00bb parallax_method_1=\u00bboff\u00bb parallax_2=\u00bboff\u00bb parallax_method_2=\u00bboff\u00bb background_color_2=\u00bb#ffffff\u00bb column_padding_mobile=\u00bbon\u00bb gutter_width=\u00bb2&#8243; custom_padding=\u00bb33px||0px|\u00bb background_color_1=\u00bb#ffffff\u00bb disabled_on=\u00bbon|on|on\u00bb disabled=\u00bbon\u00bb][et_pb_column type=\u00bb1_2&#8243;][et_pb_image admin_label=\u00bbImage\u00bb src=\u00bbhttps:\/\/ferrodex.com\/luisferrodexart\/wp-content\/uploads\/2017\/01\/14639765_1459700140725650_2709311161104710260_n.jpg\u00bb show_in_lightbox=\u00bbon\u00bb url_new_window=\u00bboff\u00bb use_overlay=\u00bbon\u00bb animation=\u00bboff\u00bb sticky=\u00bbon\u00bb align=\u00bbcenter\u00bb force_fullwidth=\u00bbon\u00bb always_center_on_mobile=\u00bbon\u00bb use_border_color=\u00bboff\u00bb border_color=\u00bb#ffffff\u00bb border_style=\u00bbsolid\u00bb hover_overlay_color=\u00bbrgba(39,108,242,0.78)\u00bb overlay_icon_color=\u00bb#ffffff\u00bb] [\/et_pb_image][et_pb_text admin_label=\u00bbText\u00bb background_layout=\u00bblight\u00bb text_orientation=\u00bbcenter\u00bb text_font=\u00bbMontserrat|on|||\u00bb text_font_size=\u00bb12&#8243; text_text_color=\u00bb#454545&#8243; background_color=\u00bb#ffffff\u00bb use_border_color=\u00bboff\u00bb border_color=\u00bb#ffffff\u00bb border_style=\u00bbsolid\u00bb custom_margin=\u00bb30px||0px|\u00bb]<\/p>\n<p>SMALL HEADING<\/p>\n<p>[\/et_pb_text][et_pb_text admin_label=\u00bbText\u00bb background_layout=\u00bblight\u00bb text_orientation=\u00bbcenter\u00bb text_font=\u00bbPT Serif||||\u00bb text_font_size=\u00bb24&#8243; text_text_color=\u00bb#888888&#8243; background_color=\u00bb#ffffff\u00bb use_border_color=\u00bboff\u00bb border_color=\u00bb#ffffff\u00bb border_style=\u00bbsolid\u00bb custom_margin=\u00bb10px||30px|\u00bb]<\/p>\n<p>Lorem ipsum dolor.<\/p>\n<p>[\/et_pb_text][\/et_pb_column][et_pb_column type=\u00bb1_2&#8243;][et_pb_image admin_label=\u00bbImage\u00bb src=\u00bbhttps:\/\/ferrodex.com\/luisferrodexart\/wp-content\/uploads\/2017\/01\/15356483_1504265649602432_8101622985753270150_n.jpg\u00bb show_in_lightbox=\u00bbon\u00bb url_new_window=\u00bboff\u00bb use_overlay=\u00bbon\u00bb animation=\u00bboff\u00bb sticky=\u00bbon\u00bb align=\u00bbcenter\u00bb force_fullwidth=\u00bbon\u00bb always_center_on_mobile=\u00bbon\u00bb use_border_color=\u00bboff\u00bb border_color=\u00bb#ffffff\u00bb border_style=\u00bbsolid\u00bb hover_overlay_color=\u00bbrgba(39,108,242,0.78)\u00bb overlay_icon_color=\u00bb#ffffff\u00bb] [\/et_pb_image][et_pb_text admin_label=\u00bbText\u00bb background_layout=\u00bblight\u00bb text_orientation=\u00bbcenter\u00bb text_font=\u00bbMontserrat|on|||\u00bb text_font_size=\u00bb12&#8243; text_text_color=\u00bb#454545&#8243; background_color=\u00bb#ffffff\u00bb use_border_color=\u00bboff\u00bb border_color=\u00bb#ffffff\u00bb border_style=\u00bbsolid\u00bb custom_margin=\u00bb30px||0px|\u00bb]<\/p>\n<p>SMALL HEADING<\/p>\n<p>[\/et_pb_text][et_pb_text admin_label=\u00bbText\u00bb background_layout=\u00bblight\u00bb text_orientation=\u00bbcenter\u00bb text_font=\u00bbPT Serif||||\u00bb text_font_size=\u00bb24&#8243; text_text_color=\u00bb#888888&#8243; background_color=\u00bb#ffffff\u00bb use_border_color=\u00bboff\u00bb border_color=\u00bb#ffffff\u00bb border_style=\u00bbsolid\u00bb custom_margin=\u00bb10px||30px|\u00bb]<\/p>\n<p>Lorem ipsum dolor.<\/p>\n<p>[\/et_pb_text][\/et_pb_column][\/et_pb_row][et_pb_row admin_label=\u00bbRow\u00bb make_fullwidth=\u00bboff\u00bb use_custom_width=\u00bboff\u00bb width_unit=\u00bbon\u00bb use_custom_gutter=\u00bbon\u00bb padding_mobile=\u00bbon\u00bb allow_player_pause=\u00bboff\u00bb parallax=\u00bboff\u00bb parallax_method=\u00bboff\u00bb make_equal=\u00bbon\u00bb parallax_1=\u00bboff\u00bb parallax_method_1=\u00bboff\u00bb parallax_2=\u00bboff\u00bb parallax_method_2=\u00bboff\u00bb background_color_2=\u00bb#ffffff\u00bb column_padding_mobile=\u00bbon\u00bb gutter_width=\u00bb2&#8243; custom_padding=\u00bb33px||100px|\u00bb background_color_1=\u00bb#ffffff\u00bb disabled_on=\u00bbon|on|on\u00bb disabled=\u00bbon\u00bb][et_pb_column type=\u00bb1_2&#8243;][et_pb_image admin_label=\u00bbImage\u00bb src=\u00bbhttps:\/\/ferrodex.com\/luisferrodexart\/wp-content\/uploads\/2016\/12\/15625992_1518986981463632_6451589823977679289_o.jpg\u00bb show_in_lightbox=\u00bbon\u00bb url_new_window=\u00bboff\u00bb use_overlay=\u00bbon\u00bb animation=\u00bboff\u00bb sticky=\u00bbon\u00bb align=\u00bbcenter\u00bb force_fullwidth=\u00bbon\u00bb always_center_on_mobile=\u00bbon\u00bb use_border_color=\u00bboff\u00bb border_color=\u00bb#ffffff\u00bb border_style=\u00bbsolid\u00bb hover_overlay_color=\u00bbrgba(39,108,242,0.78)\u00bb overlay_icon_color=\u00bb#ffffff\u00bb] [\/et_pb_image][et_pb_text admin_label=\u00bbText\u00bb background_layout=\u00bblight\u00bb text_orientation=\u00bbcenter\u00bb text_font=\u00bbMontserrat|on|||\u00bb text_font_size=\u00bb12&#8243; text_text_color=\u00bb#454545&#8243; background_color=\u00bb#ffffff\u00bb use_border_color=\u00bboff\u00bb border_color=\u00bb#ffffff\u00bb border_style=\u00bbsolid\u00bb custom_margin=\u00bb30px||0px|\u00bb]<\/p>\n<p>SMALL HEADING<\/p>\n<p>[\/et_pb_text][et_pb_text admin_label=\u00bbText\u00bb background_layout=\u00bblight\u00bb text_orientation=\u00bbcenter\u00bb text_font=\u00bbPT Serif||||\u00bb text_font_size=\u00bb24&#8243; text_text_color=\u00bb#888888&#8243; background_color=\u00bb#ffffff\u00bb use_border_color=\u00bboff\u00bb border_color=\u00bb#ffffff\u00bb border_style=\u00bbsolid\u00bb custom_margin=\u00bb10px||30px|\u00bb]<\/p>\n<p>Lorem ipsum dolor.<\/p>\n<p>[\/et_pb_text][\/et_pb_column][et_pb_column type=\u00bb1_2&#8243;][et_pb_image admin_label=\u00bbImage\u00bb src=\u00bbhttps:\/\/ferrodex.com\/luisferrodexart\/wp-content\/uploads\/2017\/01\/15319133_1495929237102740_8318441807548077979_n.jpg\u00bb show_in_lightbox=\u00bbon\u00bb url_new_window=\u00bboff\u00bb use_overlay=\u00bbon\u00bb animation=\u00bboff\u00bb sticky=\u00bbon\u00bb align=\u00bbcenter\u00bb force_fullwidth=\u00bbon\u00bb always_center_on_mobile=\u00bbon\u00bb use_border_color=\u00bboff\u00bb border_color=\u00bb#ffffff\u00bb border_style=\u00bbsolid\u00bb hover_overlay_color=\u00bbrgba(39,108,242,0.78)\u00bb overlay_icon_color=\u00bb#ffffff\u00bb] [\/et_pb_image][et_pb_text admin_label=\u00bbText\u00bb background_layout=\u00bblight\u00bb text_orientation=\u00bbcenter\u00bb text_font=\u00bbMontserrat|on|||\u00bb text_font_size=\u00bb12&#8243; text_text_color=\u00bb#454545&#8243; background_color=\u00bb#ffffff\u00bb use_border_color=\u00bboff\u00bb border_color=\u00bb#ffffff\u00bb border_style=\u00bbsolid\u00bb custom_margin=\u00bb30px||0px|\u00bb]<\/p>\n<p>SMALL HEADING<\/p>\n<p>[\/et_pb_text][et_pb_text admin_label=\u00bbText\u00bb background_layout=\u00bblight\u00bb text_orientation=\u00bbcenter\u00bb text_font=\u00bbPT Serif||||\u00bb text_font_size=\u00bb24&#8243; text_text_color=\u00bb#888888&#8243; background_color=\u00bb#ffffff\u00bb use_border_color=\u00bboff\u00bb border_color=\u00bb#ffffff\u00bb border_style=\u00bbsolid\u00bb custom_margin=\u00bb10px||30px|\u00bb]<\/p>\n<p>Lorem ipsum dolor.<\/p>\n<p>[\/et_pb_text][\/et_pb_column][\/et_pb_row][\/et_pb_section][et_pb_section admin_label=\u00bbSecci\u00f3n\u00bb fullwidth=\u00bboff\u00bb specialty=\u00bboff\u00bb][et_pb_row admin_label=\u00bbFila\u00bb][et_pb_column type=\u00bb4_4&#8243;][et_pb_gallery admin_label=\u00bbGaler\u00eda\u00bb gallery_ids=\u00bb67,66,65,5355,5353,5352,5350,5349,5347&#8243; fullwidth=\u00bboff\u00bb show_title_and_caption=\u00bbon\u00bb show_pagination=\u00bbon\u00bb background_layout=\u00bblight\u00bb auto=\u00bboff\u00bb hover_overlay_color=\u00bbrgba(255,255,255,0.9)\u00bb use_border_color=\u00bbon\u00bb border_color=\u00bb#a0a0a0&#8243; border_style=\u00bbsolid\u00bb posts_number=\u00bb100&#8243;] [\/et_pb_gallery][\/et_pb_column][\/et_pb_row][\/et_pb_section][:]<\/p>\n","protected":false},"excerpt":{"rendered":"<p>[:es] mis otros dibujos\/pinturas Si est\u00e1s interesado en cualquiera de las obras aqu\u00ed expuestas, por favor pulsa sobre la misma y ver\u00e1s sus detalles&nbsp;t\u00e9cnicos, su precio y m\u00e1s im\u00e1genes&nbsp;de la obra. O bien ponte en contacto conmigo si tienes alg\u00fan tipo de consulta o para encargar un mural. &nbsp; &nbsp; [:en] Mis Obras Some of [&hellip;]<\/p>\n","protected":false},"author":2,"featured_media":0,"parent":0,"menu_order":7,"comment_status":"closed","ping_status":"closed","template":"","meta":{"_et_pb_use_builder":"on","_et_pb_old_content":"","_et_gb_content_width":"","ngg_post_thumbnail":0,"footnotes":""},"class_list":["post-7726","page","type-page","status-publish","hentry"],"_links":{"self":[{"href":"https:\/\/ferrodex.com\/luisferrodexart\/wp-json\/wp\/v2\/pages\/7726","targetHints":{"allow":["GET"]}}],"collection":[{"href":"https:\/\/ferrodex.com\/luisferrodexart\/wp-json\/wp\/v2\/pages"}],"about":[{"href":"https:\/\/ferrodex.com\/luisferrodexart\/wp-json\/wp\/v2\/types\/page"}],"author":[{"embeddable":true,"href":"https:\/\/ferrodex.com\/luisferrodexart\/wp-json\/wp\/v2\/users\/2"}],"replies":[{"embeddable":true,"href":"https:\/\/ferrodex.com\/luisferrodexart\/wp-json\/wp\/v2\/comments?post=7726"}],"version-history":[{"count":6,"href":"https:\/\/ferrodex.com\/luisferrodexart\/wp-json\/wp\/v2\/pages\/7726\/revisions"}],"predecessor-version":[{"id":7833,"href":"https:\/\/ferrodex.com\/luisferrodexart\/wp-json\/wp\/v2\/pages\/7726\/revisions\/7833"}],"wp:attachment":[{"href":"https:\/\/ferrodex.com\/luisferrodexart\/wp-json\/wp\/v2\/media?parent=7726"}],"curies":[{"name":"wp","href":"https:\/\/api.w.org\/{rel}","templated":true}]}}