{"id":5879,"date":"2017-01-20T06:35:38","date_gmt":"2017-01-20T06:35:38","guid":{"rendered":"http:\/\/ferrodex.com\/luisferrodexart\/?page_id=5879"},"modified":"2017-01-25T14:41:58","modified_gmt":"2017-01-25T14:41:58","slug":"condiciones-de-uso","status":"publish","type":"page","link":"https:\/\/ferrodex.com\/luisferrodexart\/condiciones-de-uso\/","title":{"rendered":"Condiciones de Uso"},"content":{"rendered":"<p>[et_pb_section admin_label=\u00bbsection\u00bb][et_pb_row admin_label=\u00bbrow\u00bb make_fullwidth=\u00bboff\u00bb use_custom_width=\u00bboff\u00bb width_unit=\u00bbon\u00bb use_custom_gutter=\u00bboff\u00bb allow_player_pause=\u00bboff\u00bb parallax=\u00bboff\u00bb parallax_method=\u00bboff\u00bb make_equal=\u00bboff\u00bb parallax_1=\u00bboff\u00bb parallax_method_1=\u00bboff\u00bb][et_pb_column type=\u00bb4_4&#8243;][et_pb_text admin_label=\u00bbTexto\u00bb background_layout=\u00bblight\u00bb text_orientation=\u00bbleft\u00bb use_border_color=\u00bboff\u00bb border_color=\u00bb#ffffff\u00bb border_style=\u00bbsolid\u00bb]<\/p>\n<p><strong>CONDICIONES DE USO-PAGO SEGURO-ENV\u00cdOS Y DEVOLUCIONES<\/strong><\/p>\n<p>&nbsp;<\/p>\n<p><strong>CONDICIONES DE USO<\/strong><\/p>\n<p>Pol\u00edticas generales de Compra<\/p>\n<p>Estas condiciones generales de venta son las \u00fanicas aplicables y reemplazan cualquier otra condici\u00f3n general, excepto en caso de anulaci\u00f3n previa, expresa y escrita. Luis Ferrodex Art&nbsp;Online puede ocasionalmente modificar los art\u00edculos de sus condiciones generales, por lo que es aconsejable que \u00e9stas sean le\u00eddas en cada visita de la p\u00e1gina <a href=\"https:\/\/ferrodex.com\/luisferrodexart\/\">www.ferrodex.com\/luisferrodexart\/<\/a>. Estas modificaciones son atribuibles a partir de su publicaci\u00f3n en Internet y no podr\u00e1n aplicarse a los contratos concluidos anteriormente. Cada compra en la p\u00e1gina Web se rige por las condiciones generales aplicables en la fecha del pedido. Consideramos que una vez que haya hecho un pedido, habr\u00e1 aceptado sin reservas nuestras condiciones generales de venta tras haberlas le\u00eddo. Accediendo al Portal, usted se compromete a respetar las Condiciones Generales as\u00ed como las Condiciones de Utilizaci\u00f3n que figuran en las mismas.<\/p>\n<p>Luis Ferrodex Art&nbsp;se reserva el derecho a modificar los precios de los productos, si bien siempre ser\u00e1n v\u00e1lidos de cara al consumidor los precios que consten en el momento de realizar el pedido, aunque estos sufran modificaciones posteriores.<\/p>\n<p>Las im\u00e1genes de los productos son meramente orientativas, carecen de valor contractual. Las condiciones de los productos se especifican en su descripci\u00f3n.<\/p>\n<p>Seguridad en Luis Ferrodex Art&nbsp;Online<\/p>\n<p>Puedes comprar con total tranquilidad pues dedicamos un gran esfuerzo en disponer de recursos con los que garantizar la seguridad de tus compras y de tus datos.<\/p>\n<p>Garant\u00eda de Originalidad<\/p>\n<p>Todos nuestros productos son originales, han sido adquiridos dentro del espacio econ\u00f3mico europeo y por lo tanto son de libre tr\u00e1nsito. Ninguno de nuestros productos ha sido modificado o manipulado.<\/p>\n<p>Luis Ferrodex Art&nbsp;garantiza la originalidad de todos sus productos, ofreciendo la posibilidad de devoluci\u00f3n seg\u00fan las condiciones anteriores si el cliente tuviera indicios de contar con una mercanc\u00eda cuya originalidad sea dudosa.<\/p>\n<p>Impuestos y Precios de los Productos<\/p>\n<p>Luis Ferrodex Art&nbsp;desea ofrecer a sus clientes los mejores precios del mercado online, actualizando las tarifas a las necesidades de nuestros clientes.&nbsp;<\/p>\n<p>Todos los precios de los productos aparecen con el impuesto vigente incluido.<br \/>\nLuis Ferrodex Art&nbsp;se reserva el derecho de modificar sus precios en cualquier momento. En caso de modificaci\u00f3n de un precio, se facturar\u00e1n los productos con el precio vigente durante el registro del pedido.<\/p>\n<p>Garant\u00eda y falta de conformidad<\/p>\n<p>En caso de producto defectuoso, Luis Ferrodex Art&nbsp;le ofrecer\u00e1 la sustituci\u00f3n gratuita, asumiendo nosotros los gastos de env\u00edo que se puedan generar. Luis Ferrodex Art responder\u00e1 a las faltas de conformidad que se manifiesten en un plazo regido por la legislaci\u00f3n vigente.<\/p>\n<p>El consumidor y usuario deber\u00e1 informar a Luis Ferrodex Art&nbsp;de la falta de conformidad en el plazo de dos meses desde que tuvo conocimiento de ella.<\/p>\n<p>Garant\u00eda y Certificado de autenticidad de las&nbsp;Obras<\/p>\n<p>Todos los productos en Luis Ferrodex Art&nbsp;est\u00e1n cubiertos por un \u201cCertificado de Autenticidad\u201d emitida por el artista.<\/p>\n<p>La garant\u00eda del producto expira en el momento que el cliente pide la obra de arte y le llega a su domicilio en perfecto estado.<\/p>\n<p>Los siguientes puntos quedan excluidos de la garant\u00eda: da\u00f1os provocados por accidentes, por un manejo indebido, por falta de diligencia o por intervenciones de terceros no autorizados as\u00ed como los da\u00f1os secundarios a estas circunstancias. La garant\u00eda tampoco cubre el desgaste normal de los componentes.<\/p>\n<p>\u00bfC\u00f3mo puedo acceder a la garant\u00eda?<\/p>\n<p>La garant\u00eda es expresada por el certificado de autenticidad y el justificante de compra. En el momento de llegar la obra a destino y comprobar su env\u00edo queda finiquitada la garant\u00eda y por lo tanto cualquier tipo de reclamaci\u00f3n por la compra de la obra de arte.<\/p>\n<p>Para hacer efectiva la garant\u00eda contacte con nosotros en el tel\u00e9fono 626 555 958&nbsp;o env\u00edenos un e-mail a&nbsp;<a href=\"mailto:art@ferrodex.com\">art@ferrodex.com<\/a><\/p>\n<p>&nbsp;<\/p>\n<p><strong>PAGO SEGURO<\/strong><\/p>\n<p>\u00bfPor qu\u00e9 es seguro comprar en LuisFerrodexArt?<\/p>\n<p>En nuestra web, trabajamos intensamente para que te sientas tranquilo, y poder ofrecerte la garant\u00eda de los m\u00e9todos de pago m\u00e1s seguros, rigi\u00e9ndonos bajo la m\u00e1s estricta seguridad:<\/p>\n<p>Ingreso o Transferencia:&nbsp;<\/p>\n<p>Puede realizar el pago del pedido v\u00eda transferencia bancaria o ingresando el importe del pedido en nuestra cuenta bancaria:<\/p>\n<p>Transferencia bancaria a (B.B.V.A.)&nbsp; N\u00ba C.C.C. xxxx-xxxx-xx-xxxxxxxxxx&nbsp;&nbsp;<br \/>\n&nbsp;Este sistema de pago no supondr\u00e1 ning\u00fan cargo adicional por parte de EXPLOTUR, S.L. Los gastos de transferencia&nbsp; que&nbsp; las entidades de cr\u00e9dito puedan girar al comprador, ser\u00e1n de cuenta del ordenante. En el Concepto de la transferencia deber\u00e1 indicar en n\u00ba de pedido y el nombre de la persona que realiza la compra. El env\u00edo se iniciar\u00e1 inmediatamente&nbsp; una vez recibido el cobro en nuestra cuenta.<\/p>\n<p>LuisFerrodexArt se reserva el derecho de negarse a efectuar una entrega&nbsp; o de procesar el pedido de un cliente que no hubiera abonado total o parcialmente un pedido anterior o con el que exista un litigio de pago activo, as\u00ed como cualquier pedido que cuente con indicio de fraude en el pago.<br \/>\nLuisFerrodexArt &nbsp;controla todos los pedidos registrados. Estos controles tienen por objetivo proteger a la empresa frente a pr\u00e1cticas abusivas de fraude.<br \/>\nNuestro servicio de Atenci\u00f3n al Cliente (626 555 958) estar\u00e1 disponible para ayudarle con cualquier duda.<\/p>\n<p>&nbsp;<\/p>\n<div class=\"rte\">\n<p><strong>ENV\u00cdOS Y DEVOLUCIONES<\/strong><\/p>\n<p>Gastos de Env\u00edo:<br \/>\nLos gastos de env\u00edo son totalmente GRATUITOS en pedidos a partir de 60 \u20ac con un m\u00e1ximo de 5,00 Kg de peso.<br \/>\nEn caso de que el pedido sea inferior a dicha cantidad de 60 \u20ac el coste ser\u00e1 de 3,50 \u20ac con un m\u00e1ximo de 5,00 Kg de peso. Para las las Pen\u00ednsula Ib\u00e9rica. El Coste del env\u00edo ser\u00e1 de 6,00 \u20ac cuando el pedido sea inferior a la cantidad de 60 \u20ac.<br \/>\nLa venta al cliente de productos o servicios se realizar\u00e1 por el precio y condiciones ofrecidos en cada caso y detallados al contartar el producto o art\u00edculo.<\/p>\n<p>Tiempos de entrega:<br \/>\nLos pedidos son enviados mediante:<br \/>\n1.- La propia empresa. EXPLOTUR SL.<br \/>\n2.- Correos .<br \/>\n3.- Empresa de mensajer\u00eda.<br \/>\nLo que nos permite entregar habitualmente en un periodo m\u00e1ximo de 5&nbsp;d\u00edas laborables en la Pen\u00ednsula Ib\u00e9rica&nbsp;&nbsp;y de 10&nbsp;d\u00edas&nbsp;Para fuera de la Pen\u00ednsula.<\/p>\n<p>Pol\u00edtica de Devoluciones:<br \/>\nLuisFerrodexArt&nbsp;ofrece a sus clientes la posibilidad de ejercer su derecho de devoluci\u00f3n de cualquier art\u00edculo comprado en el plazo de 3&nbsp;d\u00edas naturales desde la fecha de recepci\u00f3n. Cualquier art\u00edculo puede ser devuelto siempre que se devuelva en su embalaje original, ya que el producto puede sufrir una depreciaci\u00f3n, y est\u00e9 en perfectas condiciones y sin utilizar, m\u00e1s all\u00e1 de la mera comprobaci\u00f3n del producto.<\/p>\n<p>Los cambios y devoluciones se podr\u00e1n realizar de las siguientes maneras:<br \/>\n1.- En nuestra WEB: <a href=\"mailto:art@ferrodex.com\">art@ferrodex.com<\/a><br \/>\nEl cliente. Para su mayor comodidad, se puede dirigir a nuestra p\u00e1gina web.<br \/>\n2.- A trav\u00e9s de nuestro servicio de atenci\u00f3n al cliente.<br \/>\nEl cliente. Se puede dirigir a Correos y enviarnos el art\u00edculo a devolver poniendo como direcci\u00f3n de destino nuestras instalaciones EXPLOTUR, S.L, C\/ Brezo, 6, Torej\u00f3n el Rubio&nbsp;C.P. 10694&nbsp;(C\u00e1ceres), Espa\u00f1a.<\/p>\n<p>Para agilizar su devoluci\u00f3n puede ponerse en contacto con nosotros a trav\u00e9s del correo electr\u00f3nico <a href=\"mailto:art@ferrodex.com\">art@ferrodex.com<\/a> o por v\u00eda telef\u00f3nica 626 555 958.<br \/>\nPor favor, conserve la factura, adem\u00e1s de todos los materiales del pedido, incluido el paquete porque realizaremos el peritaje del producto y procederemos a remplaz\u00e1rselo en un nuevo env\u00edo.<br \/>\nEn todas las situaciones. Los gastos de recogida y env\u00edo ocasionados por ejercer su derecho a devoluci\u00f3n ser\u00e1n asumidos por cuenta del cliente, salvo en los siguientes casos, en los que los gastos correr\u00e1n a cargo de EXPLOTUR SL:<\/p>\n<p>1.- Que el art\u00edculo recibido por el cliente no coincida con el art\u00edculo que aparece en la descripci\u00f3n de la factura.<br \/>\n2.- Que el art\u00edculo ha llegado al cliente defectuoso o ha sufrido alg\u00fan tipo de desperfecto durante el env\u00edo.<\/p>\n<p>Los productos deber\u00e1n ser devueltos en perfecto estado de reventa.<br \/>\nLas operaciones de venta y distribuci\u00f3n de los productos son realizadas por EXPLOTUR, S.L, con domicilio social en C\/ Brezo, 6, Torej\u00f3n el Rubio&nbsp;C.P. 10694&nbsp;(C\u00e1ceres), Espa\u00f1a.<\/p>\n<\/div>\n<p>[\/et_pb_text][\/et_pb_column][\/et_pb_row][\/et_pb_section]<\/p>\n","protected":false},"excerpt":{"rendered":"<p>CONDICIONES DE USO-PAGO SEGURO-ENV\u00cdOS Y DEVOLUCIONES &nbsp; CONDICIONES DE USO Pol\u00edticas generales de Compra Estas condiciones generales de venta son las \u00fanicas aplicables y reemplazan cualquier otra condici\u00f3n general, excepto en caso de anulaci\u00f3n previa, expresa y escrita. Luis Ferrodex Art&nbsp;Online puede ocasionalmente modificar los art\u00edculos de sus condiciones generales, por lo que es aconsejable [&hellip;]<\/p>\n","protected":false},"author":1,"featured_media":0,"parent":0,"menu_order":0,"comment_status":"closed","ping_status":"closed","template":"","meta":{"_et_pb_use_builder":"on","_et_pb_old_content":"","_et_gb_content_width":"","ngg_post_thumbnail":0,"footnotes":""},"class_list":["post-5879","page","type-page","status-publish","hentry"],"_links":{"self":[{"href":"https:\/\/ferrodex.com\/luisferrodexart\/wp-json\/wp\/v2\/pages\/5879","targetHints":{"allow":["GET"]}}],"collection":[{"href":"https:\/\/ferrodex.com\/luisferrodexart\/wp-json\/wp\/v2\/pages"}],"about":[{"href":"https:\/\/ferrodex.com\/luisferrodexart\/wp-json\/wp\/v2\/types\/page"}],"author":[{"embeddable":true,"href":"https:\/\/ferrodex.com\/luisferrodexart\/wp-json\/wp\/v2\/users\/1"}],"replies":[{"embeddable":true,"href":"https:\/\/ferrodex.com\/luisferrodexart\/wp-json\/wp\/v2\/comments?post=5879"}],"version-history":[{"count":7,"href":"https:\/\/ferrodex.com\/luisferrodexart\/wp-json\/wp\/v2\/pages\/5879\/revisions"}],"predecessor-version":[{"id":6119,"href":"https:\/\/ferrodex.com\/luisferrodexart\/wp-json\/wp\/v2\/pages\/5879\/revisions\/6119"}],"wp:attachment":[{"href":"https:\/\/ferrodex.com\/luisferrodexart\/wp-json\/wp\/v2\/media?parent=5879"}],"curies":[{"name":"wp","href":"https:\/\/api.w.org\/{rel}","templated":true}]}}