{"id":5876,"date":"2017-01-20T06:35:03","date_gmt":"2017-01-20T06:35:03","guid":{"rendered":"http:\/\/ferrodex.com\/luisferrodexart\/?page_id=5876"},"modified":"2017-01-25T14:36:33","modified_gmt":"2017-01-25T14:36:33","slug":"aviso-legal-y-politica-de-privacidad","status":"publish","type":"page","link":"https:\/\/ferrodex.com\/luisferrodexart\/aviso-legal-y-politica-de-privacidad\/","title":{"rendered":"Aviso Legal y Pol\u00edtica de Privacidad"},"content":{"rendered":"<p>[et_pb_section admin_label=\u00bbsection\u00bb][et_pb_row admin_label=\u00bbrow\u00bb][et_pb_column type=\u00bb4_4&#8243;][et_pb_text admin_label=\u00bbTexto\u00bb background_layout=\u00bblight\u00bb text_orientation=\u00bbleft\u00bb use_border_color=\u00bboff\u00bb border_color=\u00bb#ffffff\u00bb border_style=\u00bbsolid\u00bb]<\/p>\n<div class=\"rte\">\n<p><strong>AVISO LEGAL-POL\u00cdTICA DE PRIVACIDAD-POL\u00cdTICA DE PROTECCI\u00d3N DE DATOS<\/strong><\/p>\n<p>AVISO LEGAL.<\/p>\n<p>LuisFerrodex Art&nbsp;, eso es<a href=\"https:\/\/ferrodex.com\/luisferrodexart\/\"> www.ferrodex.com\/luisferrodexart\/<\/a><br \/>\nNombre de la sociedad:<br \/>\nEXPLOTUR, S.L. \/ C.I.F: B-&nbsp;10277390<br \/>\nSector actividad:<br \/>\nComercio al por menor de obras de arte, escultura, pintura, fotograf\u00eda y escritura. Arte de segunda mano.<br \/>\nDomicilio social:<br \/>\nC\/ Brezo, 6.&nbsp;CP 10694, TORREJ\u00d3N EL RUBIO (C\u00e1ceres) Espa\u00f1a&nbsp;&nbsp;<br \/>\nTlf.-Fax: 927455051 y M\u00f3vil 626 555 958<br \/>\nE-mail: <a href=\"mailto:art@ferrodex.com\">art@ferrodex.com<\/a><br \/>\nRegistro Mercantil de C\u00e1ceres:<br \/>\nTomo 590, Libro 418, Folio 214, Secci\u00f3n 8, Hoja cC-6766, Inscripci\u00f3n 1.<br \/>\n* * *<br \/>\nEXISTEN HOJAS DE RECLAMACIONES A DISPOSICI\u00d3N DEL CONSUMIDOR (DECRETO 1\/2012 de 14 de enero)<br \/>\nPROPIEDAD INTELECTUAL E INDUSTRIAL<br \/>\nTodos los derechos de propiedad intelectual e industrial de esta web incluyendo entre otros: im\u00e1genes, textos, archivos de audios y videos, marcas, logotipos, software, estructuras, presentaci\u00f3n de contenidos etc., son propiedad de EXPLOTUR, S.L o en su caso de terceras personas. El usuario podr\u00e1 visualizar y almacenar en su equipo o en cualquier soporte, para su uso personal y privado, todos los contenidos de esta web, quedando prohibida su utilizaci\u00f3n para cualquier otra finalidad.<br \/>\nConstituir\u00e1 infracci\u00f3n de los derechos de la propiedad intelectual o industrial la reproducci\u00f3n, distribuci\u00f3n comercializaci\u00f3n o transformaci\u00f3n no autorizadas de dichos contenidos.<\/p>\n<p>LIMITACI\u00d3N DE RESPONSABILIDAD<br \/>\nEXPLOTUR, S.L. realiza los m\u00e1ximos esfuerzos para evitar cualquier error en los contenidos de la p\u00e1gina web.<br \/>\nEXPLOTUR, S.L&nbsp; queda exonerada de cualquier responsabilidad derivada de:<\/p>\n<p>a. Fallos en la Web debidos a causas de fuerza mayor, casos fortuitos u otras causas no imputables a la misma.&nbsp;<br \/>\nb. Problemas t\u00e9cnicos y\/o mec\u00e1nicos o virus producidos durante la conexi\u00f3n a Internet (sea a trav\u00e9s de la Web de EXPLOTUR, S.L o de Webs de terceros), en los sistemas inform\u00e1ticos (software y hardware) o en los documentos y ficheros electr\u00f3nicos almacenados en los equipos inform\u00e1ticos..&nbsp;<br \/>\nc. Del acceso de menores de edad a los contenidos incluidos en la Web, siendo responsabilidad de sus progenitores o tutores ejercer un control adecuado sobre la actividad de los hijos o menores a su cargo.&nbsp;<\/p>\n<p>Asimismo EXPLOTUR, S.L no es responsable de la veracidad, actualizaci\u00f3n y licitud de los contenidos de las p\u00e1ginas que, en su caso, sean sugeridas por la compa\u00f1\u00eda o que aparezcan enlazadas. EXPLOTUR, S.L&nbsp; est\u00e1 exonerada de toda responsabilidad frente al usuario en cuanto a las condiciones legales de utilizaci\u00f3n y a los contenidos de las diferentes p\u00e1ginas Web sugeridas o que aparezcan enlazadas por EXPLOTUR, S.L, quedando a criterio del usuario aceptarlas o no.<\/p>\n<p>EXPLOTUR, S.L no se hace responsable de las comunicaciones que, incluyendo el nombre de EXPLOTUR, S.L. o LUIS FERRODEX ART, no est\u00e9n previamente autorizadas por la misma. A estos efectos informamos que todas las comunicaciones relativas a acciones o llamadas a participar en alg\u00fan evento relacionado con presentaciones, estar\u00e1n siempre publicadas en el Sitio Web oficial.<\/p>\n<div class=\"rte\">\n<p>&nbsp;<\/p>\n<p><strong>POL\u00cdTICA DE PRIVACIDAD<\/strong><\/p>\n<p>Protecci\u00f3n de datos personales.<\/p>\n<p>A trav\u00e9s de la p\u00e1gina web de&nbsp;<a href=\"https:\/\/ferrodex.com\/luisferrodexart\/\">www.ferrodex.com\/luisferrodexart\/<\/a>, no se recoge ning\u00fan dato personal, ni se ceden a terceros, sin su conocimiento expreso.<\/p>\n<p>1.-Buz\u00f3n de \u201cCONTACTO\u201d.<\/p>\n<p>El apartado \u201cCONTACTO\u201d est\u00e1 concebido como buz\u00f3n de atenci\u00f3n al cliente, donde se le piden sus datos personales. Tiene como finalidad atender cualquier consulta, informaci\u00f3n, solicitud de nuestros servicios, comentarios y peticiones de nuestros clientes y\/o usuarios, y obtener adem\u00e1s datos estad\u00edsticos de las mismas.<\/p>\n<p>Las contestaciones se podr\u00e1n realizar a trav\u00e9s de cualquier medio multicanal.<\/p>\n<p>Los datos de car\u00e1cter personal que se facilitan mediante el&nbsp; apartado \u201cCONTACTO\u201d, quedar\u00e1n registrados en un fichero propiedad de&nbsp;\u201cEXPLOTUR, S.L.\u201d&nbsp;con C.I.F. B-10277390.<\/p>\n<p>Ver sus derechos en el punto&nbsp;4.<\/p>\n<p>2.- Cree su cuenta \/ Registrarse.<\/p>\n<p>El apartado \u201cCree su cuenta\u201d est\u00e1 concebido como secci\u00f3n donde se le piden sus datos personales. Tiene como finalidad el comercio electr\u00f3nico, poder darle acceso privado a nuestros servicios, atenci\u00f3n de los mismos, desarrollo de nuevas aplicaciones, acceso parcial o total a los productos comprados. Mantenerle informado de nuevos servicios, aplicaciones, eventos o productos. Env\u00edo de comunicaciones comerciales y promocionales y comunic\u00e1rselo a trav\u00e9s de cualquier medio multicanal de haber otorgado su consentimiento expreso. En caso de que nos ceda alguna fotograf\u00eda o participe en alguna acci\u00f3n promocional de la entidad&nbsp;\u201cEXPLOTUR, S.L.\u201d&nbsp;con C.I.F. B-10277390,&nbsp; podremos usarlas para subirlas a nuestra web, la red en general y distintos medios para su difusi\u00f3n y obtener adem\u00e1s datos estad\u00edsticos de las mismas.<\/p>\n<p>Las contestaciones y\/o comunicaciones se podr\u00e1n realizar a trav\u00e9s de cualquier medio multicanal.<\/p>\n<p>Los datos de car\u00e1cter personal que se facilitan mediante el&nbsp; apartado&nbsp;\u201cCree su cuenta\/Registrarse\u201d, quedar\u00e1n registrados en un fichero propiedad de \u00abEXPLOTUR, S.L.\u201d&nbsp;con C.I.F. B-10277390.<\/p>\n<p>Ver sus derechos en el punto 4.&nbsp;<\/p>\n<p>3.- Compra\/Carrito.<\/p>\n<p>El apartado \u201cCompra\/Carrito\u201d est\u00e1 concebido como secci\u00f3n donde se le piden sus datos personales. Tiene como finalidad el comercio electr\u00f3nico, acceso a los productos elegidos para ser comprados y en definitiva la gesti\u00f3n total de pedidos,&nbsp; comunic\u00e1rselo a trav\u00e9s de cualquier medio multicanal.&nbsp;\u201cEXPLOTUR, S.L.\u201d&nbsp;con C.I.F. B-10277390, usar\u00e1 los datos para obtener adem\u00e1s datos estad\u00edsticos de las mismas.<\/p>\n<p>Ver sus derechos en el punto 4.<\/p>\n<p>4.-Sus derechos de acceso, oposici\u00f3n, rectificaci\u00f3n y cancelaci\u00f3n<\/p>\n<p>Se informa que se pueden ejercitar los derechos de acceso, oposici\u00f3n, rectificaci\u00f3n y cancelaci\u00f3n, comunic\u00e1ndolo&nbsp; expresamente al responsable del fichero, dirigi\u00e9ndose con cualquier documento acreditativo, a C\/ Brezo, 6&nbsp;CP 10694- &nbsp;Torrej\u00f3n el Rubio (C\u00e1ceres)&nbsp;Espa\u00f1a. O al correo: <a href=\"mailto:art@ferrodex.com\">art@ferrodex.com<\/a><\/p>\n<p>5.-Recogida de datos estad\u00edsticos<\/p>\n<p>\u00danicamente, con la finalidad de ofrecerle el mejor servicio a trav\u00e9s de esta p\u00e1gina, y con el objeto de facilitar su uso, se analizan el n\u00famero de p\u00e1ginas visitadas, el n\u00famero de visitas, as\u00ed como la actividad de los diferentes visitantes de la web y su frecuencia de utilizaci\u00f3n.<\/p>\n<p>A estos efectos, se utilizan los datos estad\u00edsticos elaborados por el Proveedor de Servicios de Internet de Google Analytics.<\/p>\n<p>Con esta informaci\u00f3n se analiza la frecuencia de uso de la web de&nbsp;\u201cEXPLOTUR, S.L.\u201d&nbsp;a partir de los datos de conexi\u00f3n, y las secciones m\u00e1s visitadas. \u201cEXPLOTUR, S.L.\u201d&nbsp;no utiliza cookies para recoger informaci\u00f3n de los usuarios desde su p\u00e1gina web y no registra sus direcciones IP.<\/p>\n<p>6.-Enlaces<\/p>\n<p>Esta pol\u00edtica de privacidad s\u00f3lo es de aplicaci\u00f3n a la p\u00e1gina web de <a href=\"https:\/\/ferrodex.com\/luisferrodexart\/\">www.ferrodex.com\/luisferrodexart\/<\/a>, no se garantiza en los accesos a trav\u00e9s de enlaces con este sitio, ni a los enlaces desde este sitio con otras webs.<\/p>\n<p>7.-Contenidos de la WEB<\/p>\n<p>Queda prohibida la reproducci\u00f3n total o parcial, incluso el volcado del contenido a cualquier soporte, sin expresa autorizaci\u00f3n de&nbsp;\u201cEXPLOTUR, S.L.\u201d.<\/p>\n<\/div>\n<\/div>\n<p>&nbsp;<\/p>\n<p><strong>POL\u00cdTICA DE PROTECCI\u00d3N DE DATOS<\/strong><\/p>\n<p>En cumplimiento de lo establecido en la Ley Org\u00e1nica 15\/1999 de Protecci\u00f3n de Datos de Car\u00e1cter Personal, EXPLOTUR SL&nbsp;informa a sus clientes de que cuantos datos personales le faciliten ser\u00e1n incluidos en un fichero automatizado de datos de car\u00e1cter personal, creado y mantenido bajo la responsabilidad de la citada empresa. El objetivo de dicho fichero es el de facilitar la tramitaci\u00f3n y gesti\u00f3n de pedidos, comunicaci\u00f3n de novedades,&nbsp; etc, as\u00ed como cualquier otra funci\u00f3n propia de la actividad del establecimiento de calzado con la \u00fanica finalidad de ofrecer un mejor servicio a los clientes.<\/p>\n<p>EXPLOTUR SL&nbsp;garantiza la seguridad y confidencialidad de los datos facilitados ( sin perjuicio de las remisiones de obligado cumplimiento). De este modo, se compromete al cumplimiento de su obligaci\u00f3n de secreto de los datos de car\u00e1cter personal y de su deber de guardarlos y adoptar todas las medidas necesarias para evitar su alteraci\u00f3n, p\u00e9rdida, tratamiento o uso no autorizado. Por lo tanto, toda la informaci\u00f3n sobre nuestros clientes no ser\u00e1 utilizada con prop\u00f3sitos comerciales ni ser\u00e1 cedida a terceros.<br \/>\nLos clientes de EXPLOTUR SL&nbsp;podr\u00e1n en todo momento ejercitar los derechos de acceso, rectificaci\u00f3n, cancelaci\u00f3n y oposici\u00f3n, comunic\u00e1ndolo a nuestra direcci\u00f3n de correo electr\u00f3nico: <a href=\"mailto:art@ferrodex.com\">art@ferrodex.com<\/a> o bien por escrito a nuestra direcci\u00f3n:<\/p>\n<p>Brezo, 6,&nbsp; C.P. &nbsp;10694&nbsp;Torrej\u00f3n el Rubio (C\u00e1ceres)<\/p>\n<p>[\/et_pb_text][\/et_pb_column][\/et_pb_row][\/et_pb_section]<\/p>\n","protected":false},"excerpt":{"rendered":"<p>AVISO LEGAL-POL\u00cdTICA DE PRIVACIDAD-POL\u00cdTICA DE PROTECCI\u00d3N DE DATOS AVISO LEGAL. LuisFerrodex Art&nbsp;, eso es www.ferrodex.com\/luisferrodexart\/ Nombre de la sociedad: EXPLOTUR, S.L. \/ C.I.F: B-&nbsp;10277390 Sector actividad: Comercio al por menor de obras de arte, escultura, pintura, fotograf\u00eda y escritura. Arte de segunda mano. Domicilio social: C\/ Brezo, 6.&nbsp;CP 10694, TORREJ\u00d3N EL RUBIO (C\u00e1ceres) Espa\u00f1a&nbsp;&nbsp; Tlf.-Fax: [&hellip;]<\/p>\n","protected":false},"author":1,"featured_media":0,"parent":0,"menu_order":0,"comment_status":"closed","ping_status":"closed","template":"","meta":{"_et_pb_use_builder":"on","_et_pb_old_content":"","_et_gb_content_width":"","ngg_post_thumbnail":0,"footnotes":""},"class_list":["post-5876","page","type-page","status-publish","hentry"],"_links":{"self":[{"href":"https:\/\/ferrodex.com\/luisferrodexart\/wp-json\/wp\/v2\/pages\/5876","targetHints":{"allow":["GET"]}}],"collection":[{"href":"https:\/\/ferrodex.com\/luisferrodexart\/wp-json\/wp\/v2\/pages"}],"about":[{"href":"https:\/\/ferrodex.com\/luisferrodexart\/wp-json\/wp\/v2\/types\/page"}],"author":[{"embeddable":true,"href":"https:\/\/ferrodex.com\/luisferrodexart\/wp-json\/wp\/v2\/users\/1"}],"replies":[{"embeddable":true,"href":"https:\/\/ferrodex.com\/luisferrodexart\/wp-json\/wp\/v2\/comments?post=5876"}],"version-history":[{"count":9,"href":"https:\/\/ferrodex.com\/luisferrodexart\/wp-json\/wp\/v2\/pages\/5876\/revisions"}],"predecessor-version":[{"id":6118,"href":"https:\/\/ferrodex.com\/luisferrodexart\/wp-json\/wp\/v2\/pages\/5876\/revisions\/6118"}],"wp:attachment":[{"href":"https:\/\/ferrodex.com\/luisferrodexart\/wp-json\/wp\/v2\/media?parent=5876"}],"curies":[{"name":"wp","href":"https:\/\/api.w.org\/{rel}","templated":true}]}}